{"id":4202,"date":"2019-11-04T19:37:15","date_gmt":"2019-11-04T18:37:15","guid":{"rendered":"https:\/\/mandragoracosmetica.com\/producto\/relaxan\/"},"modified":"2019-11-04T19:37:15","modified_gmt":"2019-11-04T18:37:15","slug":"relaxan-2","status":"publish","type":"product","link":"https:\/\/webnova.mandragoracosmetica.com\/ca\/producto\/relaxan-2\/","title":{"rendered":"Relaxan &#8211; oli corporal relaxant 100 ml."},"content":{"rendered":"<p>[et_pb_section fb_built=\u00bb1&#8243; _builder_version=\u00bb4.16&#8243; custom_padding=\u00bb0px||||false|false\u00bb global_colors_info=\u00bb{}\u00bb][et_pb_row _builder_version=\u00bb4.16&#8243; background_size=\u00bbinitial\u00bb background_position=\u00bbtop_left\u00bb background_repeat=\u00bbrepeat\u00bb width=\u00bb100%\u00bb custom_padding=\u00bb0px||0px||false|false\u00bb global_colors_info=\u00bb{}\u00bb][et_pb_column type=\u00bb4_4&#8243; _builder_version=\u00bb4.16&#8243; custom_padding=\u00bb|||\u00bb global_colors_info=\u00bb{}\u00bb custom_padding__hover=\u00bb|||\u00bb][et_pb_wc_breadcrumb _builder_version=\u00bb4.16&#8243; global_colors_info=\u00bb{}\u00bb][\/et_pb_wc_breadcrumb][et_pb_wc_cart_notice _builder_version=\u00bb4.16&#8243; global_colors_info=\u00bb{}\u00bb][\/et_pb_wc_cart_notice][\/et_pb_column][\/et_pb_row][et_pb_row column_structure=\u00bb1_2,1_2&#8243; _builder_version=\u00bb4.16&#8243; background_size=\u00bbinitial\u00bb background_position=\u00bbtop_left\u00bb background_repeat=\u00bbrepeat\u00bb width=\u00bb100%\u00bb custom_padding=\u00bb0px||||false|false\u00bb global_colors_info=\u00bb{}\u00bb][et_pb_column type=\u00bb1_2&#8243; _builder_version=\u00bb4.16&#8243; custom_padding=\u00bb|||\u00bb global_colors_info=\u00bb{}\u00bb custom_padding__hover=\u00bb|||\u00bb][et_pb_wc_images _builder_version=\u00bb4.16&#8243; global_colors_info=\u00bb{}\u00bb][\/et_pb_wc_images][\/et_pb_column][et_pb_column type=\u00bb1_2&#8243; _builder_version=\u00bb4.16&#8243; custom_padding=\u00bb|||\u00bb global_colors_info=\u00bb{}\u00bb custom_padding__hover=\u00bb|||\u00bb][et_pb_wc_title _builder_version=\u00bb4.16&#8243; global_colors_info=\u00bb{}\u00bb][\/et_pb_wc_title][et_pb_wc_rating _builder_version=\u00bb4.16&#8243; global_colors_info=\u00bb{}\u00bb][\/et_pb_wc_rating][et_pb_wc_price _builder_version=\u00bb4.16&#8243; global_colors_info=\u00bb{}\u00bb][\/et_pb_wc_price][et_pb_wc_description _builder_version=\u00bb4.16&#8243; global_colors_info=\u00bb{}\u00bb][\/et_pb_wc_description][et_pb_wc_add_to_cart _builder_version=\u00bb4.16&#8243; global_colors_info=\u00bb{}\u00bb][\/et_pb_wc_add_to_cart][et_pb_wc_meta _builder_version=\u00bb4.16&#8243; global_colors_info=\u00bb{}\u00bb][\/et_pb_wc_meta][\/et_pb_column][\/et_pb_row][et_pb_row _builder_version=\u00bb4.16&#8243; width=\u00bb100%\u00bb max_width=\u00bb1111px\u00bb custom_padding=\u00bb||0px|||\u00bb global_colors_info=\u00bb{}\u00bb][et_pb_column type=\u00bb4_4&#8243; _builder_version=\u00bb4.16&#8243; global_colors_info=\u00bb{}\u00bb][et_pb_accordion _builder_version=\u00bb4.16&#8243; global_colors_info=\u00bb{}\u00bb][et_pb_accordion_item title=\u00bbUtilitats\u00bb open=\u00bbon\u00bb open_toggle_text_color=\u00bb#443322&#8243; open_toggle_background_color=\u00bbrgba(221,204,170,0.24)\u00bb closed_toggle_text_color=\u00bb#443322&#8243; closed_toggle_background_color=\u00bbrgba(221,204,170,0.24)\u00bb icon_color=\u00bb#443322&#8243; use_icon_font_size=\u00bbon\u00bb icon_font_size=\u00bb20px\u00bb open_icon_color=\u00bb#443322&#8243; open_use_icon_font_size=\u00bbon\u00bb open_icon_font_size=\u00bb20px\u00bb _builder_version=\u00bb4.16&#8243; body_font=\u00bbRaleway||||||||\u00bb text_orientation=\u00bbleft\u00bb border_color_all=\u00bb#998877&#8243; global_colors_info=\u00bb{}\u00bb toggle_text_color=\u00bb#443322&#8243; toggle_font=\u00bbLora|700|on||||||\u00bb toggle_font_size=\u00bb20px\u00bb closed_toggle_font=\u00bbLora|700|||||||\u00bb closed_toggle_font_size=\u00bb20px\u00bb]<span style=\"font-weight: 400;\">&#8211; Per pell normal, seca\u00a0<\/span><span style=\"font-weight: 400;\"><br \/>\n<\/span><span style=\"font-weight: 400;\">&#8211; \u00c9s ideal pel massatge infantil<\/span><span style=\"font-weight: 400;\"><br \/>\n<\/span><span style=\"font-weight: 400;\">&#8211; Perfecte pel massatge corporal relaxant\u00a0<\/span><span style=\"font-weight: 400;\"><br \/>\n<\/span><span style=\"font-weight: 400;\">&#8211; Com a oli nutritiu corporal de bona absorci\u00f3 i sensaci\u00f3 final no greixosa i agradable\u00a0<\/span><span style=\"font-weight: 400;\"><br \/>\n<\/span><span style=\"font-weight: 400;\">&#8211; Per pell sensible i reactiva\u00a0<\/span>[\/et_pb_accordion_item][et_pb_accordion_item title=\u00bbDestaca per\u00bb open_toggle_text_color=\u00bb#443322&#8243; open_toggle_background_color=\u00bbrgba(221,204,170,0.24)\u00bb closed_toggle_text_color=\u00bb#443322&#8243; closed_toggle_background_color=\u00bbrgba(221,204,170,0.24)\u00bb icon_color=\u00bb#443322&#8243; use_icon_font_size=\u00bbon\u00bb icon_font_size=\u00bb20px\u00bb open_icon_color=\u00bb#443322&#8243; open_use_icon_font_size=\u00bbon\u00bb open_icon_font_size=\u00bb20px\u00bb _builder_version=\u00bb4.16&#8243; body_font=\u00bbRaleway||||||||\u00bb text_orientation=\u00bbleft\u00bb border_color_all=\u00bb#998877&#8243; global_colors_info=\u00bb{}\u00bb toggle_text_color=\u00bb#443322&#8243; toggle_font=\u00bbLora|700|on||||||\u00bb toggle_font_size=\u00bb20px\u00bb closed_toggle_font=\u00bbLora|700|||||||\u00bb closed_toggle_font_size=\u00bb20px\u00bb open=\u00bboff\u00bb]<span style=\"font-weight: 400;\">\u2022 La base d&#8217;oli de s\u00e8sam d&#8217;origen bio i de primera premsada en fred, fa que sigui un oli excel\u00b7lent, molt nutritiu i ple d&#8217;antioxidants i vitamines. \u00c9s un perfecte protector i regenerador cutani.<\/span><span style=\"font-weight: 400;\"><br \/>\n<\/span><span style=\"font-weight: 400;\">\u2022 L&#8217;oli de lavanda est\u00e0 elaborat artesanalment amb una base d&#8217;oli d&#8217;ametlles dolces, ideal per pell sensible.<\/span><span style=\"font-weight: 400;\"><br \/>\n<\/span><span style=\"font-weight: 400;\">\u2022 L&#8217;extracte de roman\u00ed \u00e9s de recol\u00b7lecci\u00f3 i elaboraci\u00f3 pr\u00f2pia. Estimula la circulaci\u00f3 sangu\u00ednia.<\/span><span style=\"font-weight: 400;\"><br \/>\n<\/span><span style=\"font-weight: 400;\">\u2022 L&#8217;oli essencial, t\u00e9 propietats calmants, regeneradores i cicatritzants que t&#8217;ajuden a aconseguir una profunda i aut\u00e8ntica relaxaci\u00f3.\u00a0<\/span><\/p>\n<p><span style=\"font-weight: 400;\">Env\u00e0s de vidre fosc que preserva molt temps les propietats del producte.<\/span>[\/et_pb_accordion_item][et_pb_accordion_item title=\u00bbAplicaci\u00f3\u00bb open_toggle_text_color=\u00bb#443322&#8243; open_toggle_background_color=\u00bbrgba(221,204,170,0.24)\u00bb closed_toggle_text_color=\u00bb#443322&#8243; closed_toggle_background_color=\u00bbrgba(221,204,170,0.24)\u00bb icon_color=\u00bb#443322&#8243; use_icon_font_size=\u00bbon\u00bb icon_font_size=\u00bb20px\u00bb open_icon_color=\u00bb#443322&#8243; open_use_icon_font_size=\u00bbon\u00bb open_icon_font_size=\u00bb20px\u00bb _builder_version=\u00bb4.16&#8243; body_font=\u00bbRaleway||||||||\u00bb text_orientation=\u00bbleft\u00bb border_color_all=\u00bb#998877&#8243; global_colors_info=\u00bb{}\u00bb toggle_text_color=\u00bb#443322&#8243; toggle_font=\u00bbLora|700|on||||||\u00bb toggle_font_size=\u00bb20px\u00bb closed_toggle_font=\u00bbLora|700|||||||\u00bb closed_toggle_font_size=\u00bb20px\u00bb open=\u00bboff\u00bb]<span style=\"font-weight: 400;\">Sacsegeu-lo en\u00e8rgicament abans de fer-lo servir.<\/span>[\/et_pb_accordion_item][et_pb_accordion_item title=\u00bbComposici\u00f3\u00bb open_toggle_text_color=\u00bb#443322&#8243; open_toggle_background_color=\u00bbrgba(221,204,170,0.24)\u00bb closed_toggle_text_color=\u00bb#443322&#8243; closed_toggle_background_color=\u00bbrgba(221,204,170,0.24)\u00bb icon_color=\u00bb#443322&#8243; use_icon_font_size=\u00bbon\u00bb icon_font_size=\u00bb20px\u00bb open_icon_color=\u00bb#443322&#8243; open_use_icon_font_size=\u00bbon\u00bb open_icon_font_size=\u00bb20px\u00bb _builder_version=\u00bb4.16&#8243; body_font=\u00bbRaleway||||||||\u00bb text_orientation=\u00bbleft\u00bb border_color_all=\u00bb#998877&#8243; global_colors_info=\u00bb{}\u00bb toggle_text_color=\u00bb#443322&#8243; toggle_font=\u00bbLora|700|on||||||\u00bb toggle_font_size=\u00bb20px\u00bb closed_toggle_font=\u00bbLora|700|||||||\u00bb closed_toggle_font_size=\u00bb20px\u00bb open=\u00bboff\u00bb]<span style=\"font-weight: 400;\">Prunus Amygdalus Dulcis Oil (oli d&#8217;ametlles dolces), Sesamum Indicum Seed Oil*** (oli de s\u00e8sam verge), Alcohol Denat, Aqua, Lavandula Spica Flower Extract** (extracte de lavanda), Glycerin (100 % vegetal), Lavandula Angustifolia Oil*** (a.e lavanda), Rosmarinus Officinalis Flower Extract** (extracte de roman\u00ed), Linalool*, Tocopherol, Limonene*.<\/span><\/p>\n<p>*presents naturalment als olis essencials purs.<br \/>\n** de recol\u00b7lecci\u00f3\/elaboraci\u00f3 pr\u00f2pia.<br \/>\n*** de proced\u00e8ncia ecol\u00f2gica certificada.[\/et_pb_accordion_item][\/et_pb_accordion][\/et_pb_column][\/et_pb_row][et_pb_row _builder_version=\u00bb4.16&#8243; width=\u00bb100%\u00bb custom_margin=\u00bb40px|auto||auto||\u00bb global_colors_info=\u00bb{}\u00bb][et_pb_column type=\u00bb4_4&#8243; _builder_version=\u00bb4.16&#8243; global_colors_info=\u00bb{}\u00bb][et_pb_wc_related_products posts_number=\u00bb4&#8243; columns_number=\u00bb4&#8243; _builder_version=\u00bb4.16&#8243; global_colors_info=\u00bb{}\u00bb][\/et_pb_wc_related_products][\/et_pb_column][\/et_pb_row][et_pb_row _builder_version=\u00bb4.16&#8243; width=\u00bb100%\u00bb custom_margin=\u00bb40px|auto||auto||\u00bb locked=\u00bboff\u00bb collapsed=\u00bboff\u00bb global_colors_info=\u00bb{}\u00bb][et_pb_column type=\u00bb4_4&#8243; _builder_version=\u00bb4.16&#8243; global_colors_info=\u00bb{}\u00bb][et_pb_wc_reviews _builder_version=\u00bb4.19.1&#8243; _module_preset=\u00bbdefault\u00bb global_colors_info=\u00bb{}\u00bb][\/et_pb_wc_reviews][\/et_pb_column][\/et_pb_row][\/et_pb_section]<\/p>\n","protected":false},"excerpt":{"rendered":"<p><strong>\u201cAconsegueix calma i experimenta una ralaxaci\u00f3 profunda\u201d<\/strong><span style=\"font-weight: 400;\"><br \/>\n<\/span><span style=\"font-weight: 400;\"><br \/>\n<\/span><span style=\"font-weight: 400;\">Lavanda bio \u2013 S\u00e8sam bio<\/span><span style=\"font-weight: 400;\"><br \/>\n<\/span><span style=\"font-weight: 400;\">Amb extracte de roman\u00ed i vitamina E<\/span><span style=\"font-weight: 400;\"><br \/>\n<\/span><span style=\"font-weight: 400;\"><br \/>\n<\/span><span style=\"font-weight: 400;\">\u00c9s l&#8217;oli corporal de la calma per excel\u00b7l\u00e8ncia. Un tresor ple de principis actius imprescindibles per la salut que nodreix profundament, estimula la circulaci\u00f3, regenera i ens allibera de peocupacions i tensions. Recomano de posar-te&#8217;n unes gotes als canells, les temples i a sota del nas per sentir calma. Fes massatge suaument als peus i a tot el cos per aconseguir un descans profund.\u00a0<\/span><span style=\"font-weight: 400;\"><br \/>\n<\/span><\/p>\n<p><span style=\"font-weight: 400;\">Molt nutritiu amb efectes calmants<\/span><span style=\"font-weight: 400;\"><br \/>\n<\/span><span style=\"font-weight: 400;\"><br \/>\n<\/span><span style=\"font-weight: 400;\">Pell seca \u2013 Pell sensible<\/span><\/p>\n<div id=\"gtx-trans\" style=\"position: absolute; left: 13px; top: 53.2px;\">\n<div class=\"gtx-trans-icon\"><\/div>\n<\/div>\n","protected":false},"featured_media":9047,"comment_status":"open","ping_status":"closed","template":"","meta":[],"product_brand":[],"product_cat":[183],"product_tag":[],"class_list":["post-4202","product","type-product","status-publish","has-post-thumbnail","product_cat-corporal-ca-2","first","instock","shipping-taxable","purchasable","product-type-simple"],"_links":{"self":[{"href":"https:\/\/webnova.mandragoracosmetica.com\/ca\/wp-json\/wp\/v2\/product\/4202","targetHints":{"allow":["GET"]}}],"collection":[{"href":"https:\/\/webnova.mandragoracosmetica.com\/ca\/wp-json\/wp\/v2\/product"}],"about":[{"href":"https:\/\/webnova.mandragoracosmetica.com\/ca\/wp-json\/wp\/v2\/types\/product"}],"replies":[{"embeddable":true,"href":"https:\/\/webnova.mandragoracosmetica.com\/ca\/wp-json\/wp\/v2\/comments?post=4202"}],"wp:featuredmedia":[{"embeddable":true,"href":"https:\/\/webnova.mandragoracosmetica.com\/ca\/wp-json\/wp\/v2\/media\/9047"}],"wp:attachment":[{"href":"https:\/\/webnova.mandragoracosmetica.com\/ca\/wp-json\/wp\/v2\/media?parent=4202"}],"wp:term":[{"taxonomy":"product_brand","embeddable":true,"href":"https:\/\/webnova.mandragoracosmetica.com\/ca\/wp-json\/wp\/v2\/product_brand?post=4202"},{"taxonomy":"product_cat","embeddable":true,"href":"https:\/\/webnova.mandragoracosmetica.com\/ca\/wp-json\/wp\/v2\/product_cat?post=4202"},{"taxonomy":"product_tag","embeddable":true,"href":"https:\/\/webnova.mandragoracosmetica.com\/ca\/wp-json\/wp\/v2\/product_tag?post=4202"}],"curies":[{"name":"wp","href":"https:\/\/api.w.org\/{rel}","templated":true}]}}

<p>[et_pb_section fb_built=»1&#8243; _builder_version=»4.16&#8243; custom_padding=»0px||||false|false» global_colors_info=»{}»][et_pb_row _builder_version=»4.16&#8243; background_size=»initial» background_position=»top_left» background_repeat=»repeat» width=»100%» custom_padding=»0px||0px||false|false» global_colors_info=»{}»][et_pb_column type=»4_4&#8243; _builder_version=»4.16&#8243; custom_padding=»|||» global_colors_info=»{}» custom_padding__hover=»|||»][et_pb_wc_breadcrumb _builder_version=»4.16&#8243; global_colors_info=»{}»][/et_pb_wc_breadcrumb][et_pb_wc_cart_notice _builder_version=»4.16&#8243; global_colors_info=»{}»][/et_pb_wc_cart_notice][/et_pb_column][/et_pb_row][et_pb_row column_structure=»1_2,1_2&#8243; _builder_version=»4.16&#8243; background_size=»initial» background_position=»top_left» background_repeat=»repeat» width=»100%» custom_padding=»0px||||false|false» global_colors_info=»{}»][et_pb_column type=»1_2&#8243; _builder_version=»4.16&#8243; custom_padding=»|||» global_colors_info=»{}» custom_padding__hover=»|||»][et_pb_wc_images _builder_version=»4.16&#8243; global_colors_info=»{}»][/et_pb_wc_images][/et_pb_column][et_pb_column type=»1_2&#8243; _builder_version=»4.16&#8243; custom_padding=»|||» global_colors_info=»{}» custom_padding__hover=»|||»][et_pb_wc_title _builder_version=»4.16&#8243; global_colors_info=»{}»][/et_pb_wc_title][et_pb_wc_rating _builder_version=»4.16&#8243; global_colors_info=»{}»][/et_pb_wc_rating][et_pb_wc_price _builder_version=»4.16&#8243; global_colors_info=»{}»][/et_pb_wc_price][et_pb_wc_description _builder_version=»4.16&#8243; global_colors_info=»{}»][/et_pb_wc_description][et_pb_wc_add_to_cart _builder_version=»4.16&#8243; global_colors_info=»{}»][/et_pb_wc_add_to_cart][et_pb_wc_meta _builder_version=»4.16&#8243; global_colors_info=»{}»][/et_pb_wc_meta][/et_pb_column][/et_pb_row][et_pb_row _builder_version=»4.16&#8243; width=»100%» max_width=»1111px» custom_padding=»||0px|||» global_colors_info=»{}»][et_pb_column type=»4_4&#8243; _builder_version=»4.16&#8243; global_colors_info=»{}»][et_pb_accordion _builder_version=»4.16&#8243; global_colors_info=»{}»][et_pb_accordion_item title=»Utilitats» open=»on» open_toggle_text_color=»#443322&#8243; open_toggle_background_color=»rgba(221,204,170,0.24)» closed_toggle_text_color=»#443322&#8243; closed_toggle_background_color=»rgba(221,204,170,0.24)» icon_color=»#443322&#8243; use_icon_font_size=»on» icon_font_size=»20px» open_icon_color=»#443322&#8243; open_use_icon_font_size=»on» open_icon_font_size=»20px» _builder_version=»4.16&#8243; body_font=»Raleway||||||||» text_orientation=»left» border_color_all=»#998877&#8243; global_colors_info=»{}» toggle_text_color=»#443322&#8243; toggle_font=»Lora|700|on||||||» toggle_font_size=»20px» closed_toggle_font=»Lora|700|||||||» closed_toggle_font_size=»20px»]<span style="font-weight: 400;">&#8211; Per pell normal, seca </span><span style="font-weight: 400;"><br />
</span><span style="font-weight: 400;">&#8211; És ideal pel massatge infantil</span><span style="font-weight: 400;"><br />
</span><span style="font-weight: 400;">&#8211; Perfecte pel massatge corporal relaxant </span><span style="font-weight: 400;"><br />
</span><span style="font-weight: 400;">&#8211; Com a oli nutritiu corporal de bona absorció i sensació final no greixosa i agradable </span><span style="font-weight: 400;"><br />
</span><span style="font-weight: 400;">&#8211; Per pell sensible i reactiva </span>[/et_pb_accordion_item][et_pb_accordion_item title=»Destaca per» open_toggle_text_color=»#443322&#8243; open_toggle_background_color=»rgba(221,204,170,0.24)» closed_toggle_text_color=»#443322&#8243; closed_toggle_background_color=»rgba(221,204,170,0.24)» icon_color=»#443322&#8243; use_icon_font_size=»on» icon_font_size=»20px» open_icon_color=»#443322&#8243; open_use_icon_font_size=»on» open_icon_font_size=»20px» _builder_version=»4.16&#8243; body_font=»Raleway||||||||» text_orientation=»left» border_color_all=»#998877&#8243; global_colors_info=»{}» toggle_text_color=»#443322&#8243; toggle_font=»Lora|700|on||||||» toggle_font_size=»20px» closed_toggle_font=»Lora|700|||||||» closed_toggle_font_size=»20px» open=»off»]<span style="font-weight: 400;">• La base d&#8217;oli de sèsam d&#8217;origen bio i de primera premsada en fred, fa que sigui un oli excel·lent, molt nutritiu i ple d&#8217;antioxidants i vitamines. És un perfecte protector i regenerador cutani.</span><span style="font-weight: 400;"><br />
</span><span style="font-weight: 400;">• L&#8217;oli de lavanda està elaborat artesanalment amb una base d&#8217;oli d&#8217;ametlles dolces, ideal per pell sensible.</span><span style="font-weight: 400;"><br />
</span><span style="font-weight: 400;">• L&#8217;extracte de romaní és de recol·lecció i elaboració pròpia. Estimula la circulació sanguínia.</span><span style="font-weight: 400;"><br />
</span><span style="font-weight: 400;">• L&#8217;oli essencial, té propietats calmants, regeneradores i cicatritzants que t&#8217;ajuden a aconseguir una profunda i autèntica relaxació. </span></p>
<p><span style="font-weight: 400;">Envàs de vidre fosc que preserva molt temps les propietats del producte.</span>[/et_pb_accordion_item][et_pb_accordion_item title=»Aplicació» open_toggle_text_color=»#443322&#8243; open_toggle_background_color=»rgba(221,204,170,0.24)» closed_toggle_text_color=»#443322&#8243; closed_toggle_background_color=»rgba(221,204,170,0.24)» icon_color=»#443322&#8243; use_icon_font_size=»on» icon_font_size=»20px» open_icon_color=»#443322&#8243; open_use_icon_font_size=»on» open_icon_font_size=»20px» _builder_version=»4.16&#8243; body_font=»Raleway||||||||» text_orientation=»left» border_color_all=»#998877&#8243; global_colors_info=»{}» toggle_text_color=»#443322&#8243; toggle_font=»Lora|700|on||||||» toggle_font_size=»20px» closed_toggle_font=»Lora|700|||||||» closed_toggle_font_size=»20px» open=»off»]<span style="font-weight: 400;">Sacsegeu-lo enèrgicament abans de fer-lo servir.</span>[/et_pb_accordion_item][et_pb_accordion_item title=»Composició» open_toggle_text_color=»#443322&#8243; open_toggle_background_color=»rgba(221,204,170,0.24)» closed_toggle_text_color=»#443322&#8243; closed_toggle_background_color=»rgba(221,204,170,0.24)» icon_color=»#443322&#8243; use_icon_font_size=»on» icon_font_size=»20px» open_icon_color=»#443322&#8243; open_use_icon_font_size=»on» open_icon_font_size=»20px» _builder_version=»4.16&#8243; body_font=»Raleway||||||||» text_orientation=»left» border_color_all=»#998877&#8243; global_colors_info=»{}» toggle_text_color=»#443322&#8243; toggle_font=»Lora|700|on||||||» toggle_font_size=»20px» closed_toggle_font=»Lora|700|||||||» closed_toggle_font_size=»20px» open=»off»]<span style="font-weight: 400;">Prunus Amygdalus Dulcis Oil (oli d&#8217;ametlles dolces), Sesamum Indicum Seed Oil*** (oli de sèsam verge), Alcohol Denat, Aqua, Lavandula Spica Flower Extract** (extracte de lavanda), Glycerin (100 % vegetal), Lavandula Angustifolia Oil*** (a.e lavanda), Rosmarinus Officinalis Flower Extract** (extracte de romaní), Linalool*, Tocopherol, Limonene*.</span></p>
<p>*presents naturalment als olis essencials purs.<br />
** de recol·lecció/elaboració pròpia.<br />
*** de procedència ecològica certificada.[/et_pb_accordion_item][/et_pb_accordion][/et_pb_column][/et_pb_row][et_pb_row _builder_version=»4.16&#8243; width=»100%» custom_margin=»40px|auto||auto||» global_colors_info=»{}»][et_pb_column type=»4_4&#8243; _builder_version=»4.16&#8243; global_colors_info=»{}»][et_pb_wc_related_products posts_number=»4&#8243; columns_number=»4&#8243; _builder_version=»4.16&#8243; global_colors_info=»{}»][/et_pb_wc_related_products][/et_pb_column][/et_pb_row][et_pb_row _builder_version=»4.16&#8243; width=»100%» custom_margin=»40px|auto||auto||» locked=»off» collapsed=»off» global_colors_info=»{}»][et_pb_column type=»4_4&#8243; _builder_version=»4.16&#8243; global_colors_info=»{}»][et_pb_wc_reviews _builder_version=»4.19.1&#8243; _module_preset=»default» global_colors_info=»{}»][/et_pb_wc_reviews][/et_pb_column][/et_pb_row][/et_pb_section]</p>

<p><strong>“Aconsegueix calma i experimenta una ralaxació profunda”</strong><span style="font-weight: 400;"><br />
</span><span style="font-weight: 400;"><br />
</span><span style="font-weight: 400;">Lavanda bio – Sèsam bio</span><span style="font-weight: 400;"><br />
</span><span style="font-weight: 400;">Amb extracte de romaní i vitamina E</span><span style="font-weight: 400;"><br />
</span><span style="font-weight: 400;"><br />
</span><span style="font-weight: 400;">És l&#8217;oli corporal de la calma per excel·lència. Un tresor ple de principis actius imprescindibles per la salut que nodreix profundament, estimula la circulació, regenera i ens allibera de peocupacions i tensions. Recomano de posar-te&#8217;n unes gotes als canells, les temples i a sota del nas per sentir calma. Fes massatge suaument als peus i a tot el cos per aconseguir un descans profund. </span><span style="font-weight: 400;"><br />
</span></p>
<p><span style="font-weight: 400;">Molt nutritiu amb efectes calmants</span><span style="font-weight: 400;"><br />
</span><span style="font-weight: 400;"><br />
</span><span style="font-weight: 400;">Pell seca – Pell sensible</span></p>
<div id="gtx-trans" style="position: absolute; left: 13px; top: 53.2px;">
<div class="gtx-trans-icon"></div>
</div>
