{"id":4192,"date":"2019-11-07T19:43:34","date_gmt":"2019-11-07T18:43:34","guid":{"rendered":"https:\/\/mandragoracosmetica.com\/producto\/exfoliant\/"},"modified":"2019-11-07T19:43:34","modified_gmt":"2019-11-07T18:43:34","slug":"exfoliant","status":"publish","type":"product","link":"https:\/\/webnova.mandragoracosmetica.com\/ca\/producto\/exfoliant\/","title":{"rendered":"Exfoliante &#8211; sab\u00f3 corporal 80 gr."},"content":{"rendered":"<p>[et_pb_section fb_built=\u00bb1&#8243; _builder_version=\u00bb4.16&#8243; custom_padding=\u00bb0px||||false|false\u00bb global_colors_info=\u00bb{}\u00bb][et_pb_row _builder_version=\u00bb4.16&#8243; background_size=\u00bbinitial\u00bb background_position=\u00bbtop_left\u00bb background_repeat=\u00bbrepeat\u00bb width=\u00bb100%\u00bb custom_padding=\u00bb0px||0px||false|false\u00bb global_colors_info=\u00bb{}\u00bb][et_pb_column type=\u00bb4_4&#8243; _builder_version=\u00bb4.16&#8243; custom_padding=\u00bb|||\u00bb global_colors_info=\u00bb{}\u00bb custom_padding__hover=\u00bb|||\u00bb][et_pb_wc_breadcrumb _builder_version=\u00bb4.16&#8243; global_colors_info=\u00bb{}\u00bb][\/et_pb_wc_breadcrumb][et_pb_wc_cart_notice _builder_version=\u00bb4.16&#8243; global_colors_info=\u00bb{}\u00bb][\/et_pb_wc_cart_notice][\/et_pb_column][\/et_pb_row][et_pb_row column_structure=\u00bb1_2,1_2&#8243; _builder_version=\u00bb4.16&#8243; background_size=\u00bbinitial\u00bb background_position=\u00bbtop_left\u00bb background_repeat=\u00bbrepeat\u00bb width=\u00bb100%\u00bb custom_padding=\u00bb0px||||false|false\u00bb global_colors_info=\u00bb{}\u00bb][et_pb_column type=\u00bb1_2&#8243; _builder_version=\u00bb4.16&#8243; custom_padding=\u00bb|||\u00bb global_colors_info=\u00bb{}\u00bb custom_padding__hover=\u00bb|||\u00bb][et_pb_wc_images _builder_version=\u00bb4.16&#8243; global_colors_info=\u00bb{}\u00bb][\/et_pb_wc_images][\/et_pb_column][et_pb_column type=\u00bb1_2&#8243; _builder_version=\u00bb4.16&#8243; custom_padding=\u00bb|||\u00bb global_colors_info=\u00bb{}\u00bb custom_padding__hover=\u00bb|||\u00bb][et_pb_wc_title _builder_version=\u00bb4.16&#8243; global_colors_info=\u00bb{}\u00bb][\/et_pb_wc_title][et_pb_wc_rating _builder_version=\u00bb4.16&#8243; global_colors_info=\u00bb{}\u00bb][\/et_pb_wc_rating][et_pb_wc_price _builder_version=\u00bb4.16&#8243; global_colors_info=\u00bb{}\u00bb][\/et_pb_wc_price][et_pb_wc_description _builder_version=\u00bb4.16&#8243; global_colors_info=\u00bb{}\u00bb][\/et_pb_wc_description][et_pb_wc_add_to_cart _builder_version=\u00bb4.16&#8243; global_colors_info=\u00bb{}\u00bb][\/et_pb_wc_add_to_cart][et_pb_wc_meta _builder_version=\u00bb4.16&#8243; global_colors_info=\u00bb{}\u00bb][\/et_pb_wc_meta][\/et_pb_column][\/et_pb_row][et_pb_row _builder_version=\u00bb4.16&#8243; width=\u00bb100%\u00bb max_width=\u00bb1111px\u00bb custom_padding=\u00bb||0px|||\u00bb global_colors_info=\u00bb{}\u00bb][et_pb_column type=\u00bb4_4&#8243; _builder_version=\u00bb4.16&#8243; global_colors_info=\u00bb{}\u00bb][et_pb_accordion _builder_version=\u00bb4.16&#8243; global_colors_info=\u00bb{}\u00bb][et_pb_accordion_item title=\u00bbUtilitats\u00bb open=\u00bbon\u00bb open_toggle_text_color=\u00bb#443322&#8243; open_toggle_background_color=\u00bbrgba(221,204,170,0.24)\u00bb closed_toggle_text_color=\u00bb#443322&#8243; closed_toggle_background_color=\u00bbrgba(221,204,170,0.24)\u00bb icon_color=\u00bb#443322&#8243; use_icon_font_size=\u00bbon\u00bb icon_font_size=\u00bb20px\u00bb open_icon_color=\u00bb#443322&#8243; open_use_icon_font_size=\u00bbon\u00bb open_icon_font_size=\u00bb20px\u00bb _builder_version=\u00bb4.16&#8243; body_font=\u00bbRaleway||||||||\u00bb text_orientation=\u00bbleft\u00bb border_color_all=\u00bb#998877&#8243; global_colors_info=\u00bb{}\u00bb toggle_text_color=\u00bb#443322&#8243; toggle_font=\u00bbLora|700|on||||||\u00bb toggle_font_size=\u00bb20px\u00bb closed_toggle_font=\u00bbLora|700|||||||\u00bb closed_toggle_font_size=\u00bb20px\u00bb]<span style=\"font-weight: 400;\">&#8211; Per les cames, peus i cos en general<\/span><span style=\"font-weight: 400;\"><br \/>\n<\/span><span style=\"font-weight: 400;\">&#8211; Ideal tamb\u00e9 com a sab\u00f3 de mans<\/span><span style=\"font-weight: 400;\"><br \/>\n<\/span><span style=\"font-weight: 400;\">&#8211; Perfecte per la pell seca i per les zones que necessiten exfoliac\u00f3.<\/span><span style=\"font-weight: 400;\"><br \/>\n<\/span><span style=\"font-weight: 400;\">&#8211; Estimula la circulaci\u00f3 corporal<\/span><span style=\"font-weight: 400;\"><br \/>\n<\/span><span style=\"font-weight: 400;\">&#8211; Ideal per activar el cos i la ment a la dutxa del mat\u00ed<\/span>[\/et_pb_accordion_item][et_pb_accordion_item title=\u00bbDestaca per\u00bb open_toggle_text_color=\u00bb#443322&#8243; open_toggle_background_color=\u00bbrgba(221,204,170,0.24)\u00bb closed_toggle_text_color=\u00bb#443322&#8243; closed_toggle_background_color=\u00bbrgba(221,204,170,0.24)\u00bb icon_color=\u00bb#443322&#8243; use_icon_font_size=\u00bbon\u00bb icon_font_size=\u00bb20px\u00bb open_icon_color=\u00bb#443322&#8243; open_use_icon_font_size=\u00bbon\u00bb open_icon_font_size=\u00bb20px\u00bb _builder_version=\u00bb4.16&#8243; body_font=\u00bbRaleway||||||||\u00bb text_orientation=\u00bbleft\u00bb border_color_all=\u00bb#998877&#8243; global_colors_info=\u00bb{}\u00bb toggle_text_color=\u00bb#443322&#8243; toggle_font=\u00bbLora|700|on||||||\u00bb toggle_font_size=\u00bb20px\u00bb closed_toggle_font=\u00bbLora|700|||||||\u00bb closed_toggle_font_size=\u00bb20px\u00bb open=\u00bboff\u00bb]<span style=\"font-weight: 400;\">\u2022 Abundant escuma i aroma d&#8217;herbes i fresc.<\/span><span style=\"font-weight: 400;\"><br \/>\n<\/span><span style=\"font-weight: 400;\">\u2022 La base d&#8217;olis verges d&#8217;or\u00edgen biol\u00f2gic premsats en fred el converteixen en un sab\u00f3 suau i hidratant.<\/span><span style=\"font-weight: 400;\"><br \/>\n<\/span><span style=\"font-weight: 400;\">\u2022 El roman\u00ed de recol\u00b7lecci\u00f3 pr\u00f2pia permet assegurar d&#8217;obtenir una planta especialment potent i concentrada en propietats circulat\u00f2ries i antis\u00e8ptiques que en sin\u00e8rgia amb les llavors de rosella et deixaran la pell suau i fina.<\/span><span style=\"font-weight: 400;\"><br \/>\n<\/span><span style=\"font-weight: 400;\">\u2022 La sinergia d&#8217;olis essencials purs de roman\u00ed i menta completen l&#8217;efic\u00e0cia circulat\u00f2ria i ajuda la pell a regenerer-se saludablement despr\u00e9s de l&#8217;exfoliaci\u00f3.\u00a0<\/span><span style=\"font-weight: 400;\"><br \/>\n<\/span>[\/et_pb_accordion_item][et_pb_accordion_item title=\u00bbPrecaucions\u00bb open_toggle_text_color=\u00bb#443322&#8243; open_toggle_background_color=\u00bbrgba(221,204,170,0.24)\u00bb closed_toggle_text_color=\u00bb#443322&#8243; closed_toggle_background_color=\u00bbrgba(221,204,170,0.24)\u00bb icon_color=\u00bb#443322&#8243; use_icon_font_size=\u00bbon\u00bb icon_font_size=\u00bb20px\u00bb open_icon_color=\u00bb#443322&#8243; open_use_icon_font_size=\u00bbon\u00bb open_icon_font_size=\u00bb20px\u00bb _builder_version=\u00bb4.16&#8243; body_font=\u00bbRaleway||||||||\u00bb text_orientation=\u00bbleft\u00bb border_color_all=\u00bb#998877&#8243; global_colors_info=\u00bb{}\u00bb toggle_text_color=\u00bb#443322&#8243; toggle_font=\u00bbLora|700|on||||||\u00bb toggle_font_size=\u00bb20px\u00bb closed_toggle_font=\u00bbLora|700|||||||\u00bb closed_toggle_font_size=\u00bb20px\u00bb open=\u00bboff\u00bb]<span style=\"font-weight: 400;\">No l&#8217;utilitzeu amb menors de 6 anys. Eviteu-ne un \u00fas excessiu durant l&#8217;embar\u00e0s.<\/span>[\/et_pb_accordion_item][et_pb_accordion_item title=\u00bbComposici\u00f3\u00bb open_toggle_text_color=\u00bb#443322&#8243; open_toggle_background_color=\u00bbrgba(221,204,170,0.24)\u00bb closed_toggle_text_color=\u00bb#443322&#8243; closed_toggle_background_color=\u00bbrgba(221,204,170,0.24)\u00bb icon_color=\u00bb#443322&#8243; use_icon_font_size=\u00bbon\u00bb icon_font_size=\u00bb20px\u00bb open_icon_color=\u00bb#443322&#8243; open_use_icon_font_size=\u00bbon\u00bb open_icon_font_size=\u00bb20px\u00bb _builder_version=\u00bb4.16&#8243; body_font=\u00bbRaleway||||||||\u00bb text_orientation=\u00bbleft\u00bb border_color_all=\u00bb#998877&#8243; global_colors_info=\u00bb{}\u00bb toggle_text_color=\u00bb#443322&#8243; toggle_font=\u00bbLora|700|on||||||\u00bb toggle_font_size=\u00bb20px\u00bb closed_toggle_font=\u00bbLora|700|||||||\u00bb closed_toggle_font_size=\u00bb20px\u00bb open=\u00bboff\u00bb]<span style=\"font-weight: 400;\">olea europaea fruit oil*** (oli d&#8217;oliva verge), cocos nucifera oil*** (oli de coco verge), aqua, sodium hydroxide (sosa c\u00e0ustica), kaolin (argila blanca), papaver rhoeas seed (llavors de rosella), rosmarinus officinalis leaf oil*** (a.e roman\u00ed), mentha piperita oil*** (a.e menta), rosmarinus officinalis flower extract** (extracte de roman\u00ed), commiphora myrrha resin extract** (extracte de mirra), tocopherol (vit.E natural), alcohol denat.<\/span><\/p>\n<p>*presents naturalment als olis essencials purs.<br \/>\n** de recol\u00b7lecci\u00f3\/elaboraci\u00f3 pr\u00f2pia.<br \/>\n*** de proced\u00e8ncia ecol\u00f2gica certificada.[\/et_pb_accordion_item][\/et_pb_accordion][\/et_pb_column][\/et_pb_row][et_pb_row _builder_version=\u00bb4.16&#8243; width=\u00bb100%\u00bb custom_margin=\u00bb40px|auto||auto||\u00bb global_colors_info=\u00bb{}\u00bb][et_pb_column type=\u00bb4_4&#8243; _builder_version=\u00bb4.16&#8243; global_colors_info=\u00bb{}\u00bb][et_pb_wc_related_products posts_number=\u00bb4&#8243; columns_number=\u00bb4&#8243; _builder_version=\u00bb4.16&#8243; global_colors_info=\u00bb{}\u00bb][\/et_pb_wc_related_products][\/et_pb_column][\/et_pb_row][et_pb_row _builder_version=\u00bb4.16&#8243; width=\u00bb100%\u00bb custom_margin=\u00bb40px|auto||auto||\u00bb locked=\u00bboff\u00bb collapsed=\u00bboff\u00bb global_colors_info=\u00bb{}\u00bb][et_pb_column type=\u00bb4_4&#8243; _builder_version=\u00bb4.16&#8243; global_colors_info=\u00bb{}\u00bb][et_pb_wc_reviews _builder_version=\u00bb4.19.1&#8243; _module_preset=\u00bbdefault\u00bb global_colors_info=\u00bb{}\u00bb][\/et_pb_wc_reviews][\/et_pb_column][\/et_pb_row][\/et_pb_section]<\/p>\n","protected":false},"excerpt":{"rendered":"<p><strong>\u201cUn massatge per la pell que t&#8217;ajuda a centrar-te i a activar-te mentalment\u201d<\/strong><span style=\"font-weight: 400;\"><br \/>\n<\/span><span style=\"font-weight: 400;\"><br \/>\n<\/span><span style=\"font-weight: 400;\">Coco bio \u2013 Rosella \u2013 Roman\u00ed bio<\/span><span style=\"font-weight: 400;\"><br \/>\n<\/span><span style=\"font-weight: 400;\">Amb argila blanca i oli essencial de Menta<\/span><span style=\"font-weight: 400;\"><br \/>\n<\/span><span style=\"font-weight: 400;\"><br \/>\n<\/span><span style=\"font-weight: 400;\">Sab\u00f3 elaborat amb una f\u00f3rmula exfoliant, circulat\u00f2ria i hidratant que genera escuma abundant. L&#8217;aroma d&#8217;herba i refrescant de roman\u00ed i menta estimulen la circulaci\u00f3 i la regeneraci\u00f3 cut\u00e0nia.<\/span><span style=\"font-weight: 400;\"><br \/>\n<\/span><span style=\"font-weight: 400;\"><br \/>\n<\/span><span style=\"font-weight: 400;\">Neteja i exfoliaci\u00f3 respetuosa per la pell seca<\/span><\/p>\n<div id=\"gtx-trans\" style=\"position: absolute; left: -10px; top: 8.2px;\">\n<div class=\"gtx-trans-icon\"><\/div>\n<\/div>\n","protected":false},"featured_media":9025,"comment_status":"open","ping_status":"closed","template":"","meta":[],"product_brand":[],"product_cat":[185],"product_tag":[],"class_list":["post-4192","product","type-product","status-publish","has-post-thumbnail","product_cat-no-visibles-ca","first","outofstock","shipping-taxable","purchasable","product-type-simple"],"_links":{"self":[{"href":"https:\/\/webnova.mandragoracosmetica.com\/ca\/wp-json\/wp\/v2\/product\/4192","targetHints":{"allow":["GET"]}}],"collection":[{"href":"https:\/\/webnova.mandragoracosmetica.com\/ca\/wp-json\/wp\/v2\/product"}],"about":[{"href":"https:\/\/webnova.mandragoracosmetica.com\/ca\/wp-json\/wp\/v2\/types\/product"}],"replies":[{"embeddable":true,"href":"https:\/\/webnova.mandragoracosmetica.com\/ca\/wp-json\/wp\/v2\/comments?post=4192"}],"wp:featuredmedia":[{"embeddable":true,"href":"https:\/\/webnova.mandragoracosmetica.com\/ca\/wp-json\/wp\/v2\/media\/9025"}],"wp:attachment":[{"href":"https:\/\/webnova.mandragoracosmetica.com\/ca\/wp-json\/wp\/v2\/media?parent=4192"}],"wp:term":[{"taxonomy":"product_brand","embeddable":true,"href":"https:\/\/webnova.mandragoracosmetica.com\/ca\/wp-json\/wp\/v2\/product_brand?post=4192"},{"taxonomy":"product_cat","embeddable":true,"href":"https:\/\/webnova.mandragoracosmetica.com\/ca\/wp-json\/wp\/v2\/product_cat?post=4192"},{"taxonomy":"product_tag","embeddable":true,"href":"https:\/\/webnova.mandragoracosmetica.com\/ca\/wp-json\/wp\/v2\/product_tag?post=4192"}],"curies":[{"name":"wp","href":"https:\/\/api.w.org\/{rel}","templated":true}]}}

Exfoliante &#8211; sabó corporal 80 gr.

<p>[et_pb_section fb_built=»1&#8243; _builder_version=»4.16&#8243; custom_padding=»0px||||false|false» global_colors_info=»{}»][et_pb_row _builder_version=»4.16&#8243; background_size=»initial» background_position=»top_left» background_repeat=»repeat» width=»100%» custom_padding=»0px||0px||false|false» global_colors_info=»{}»][et_pb_column type=»4_4&#8243; _builder_version=»4.16&#8243; custom_padding=»|||» global_colors_info=»{}» custom_padding__hover=»|||»][et_pb_wc_breadcrumb _builder_version=»4.16&#8243; global_colors_info=»{}»][/et_pb_wc_breadcrumb][et_pb_wc_cart_notice _builder_version=»4.16&#8243; global_colors_info=»{}»][/et_pb_wc_cart_notice][/et_pb_column][/et_pb_row][et_pb_row column_structure=»1_2,1_2&#8243; _builder_version=»4.16&#8243; background_size=»initial» background_position=»top_left» background_repeat=»repeat» width=»100%» custom_padding=»0px||||false|false» global_colors_info=»{}»][et_pb_column type=»1_2&#8243; _builder_version=»4.16&#8243; custom_padding=»|||» global_colors_info=»{}» custom_padding__hover=»|||»][et_pb_wc_images _builder_version=»4.16&#8243; global_colors_info=»{}»][/et_pb_wc_images][/et_pb_column][et_pb_column type=»1_2&#8243; _builder_version=»4.16&#8243; custom_padding=»|||» global_colors_info=»{}» custom_padding__hover=»|||»][et_pb_wc_title _builder_version=»4.16&#8243; global_colors_info=»{}»][/et_pb_wc_title][et_pb_wc_rating _builder_version=»4.16&#8243; global_colors_info=»{}»][/et_pb_wc_rating][et_pb_wc_price _builder_version=»4.16&#8243; global_colors_info=»{}»][/et_pb_wc_price][et_pb_wc_description _builder_version=»4.16&#8243; global_colors_info=»{}»][/et_pb_wc_description][et_pb_wc_add_to_cart _builder_version=»4.16&#8243; global_colors_info=»{}»][/et_pb_wc_add_to_cart][et_pb_wc_meta _builder_version=»4.16&#8243; global_colors_info=»{}»][/et_pb_wc_meta][/et_pb_column][/et_pb_row][et_pb_row _builder_version=»4.16&#8243; width=»100%» max_width=»1111px» custom_padding=»||0px|||» global_colors_info=»{}»][et_pb_column type=»4_4&#8243; _builder_version=»4.16&#8243; global_colors_info=»{}»][et_pb_accordion _builder_version=»4.16&#8243; global_colors_info=»{}»][et_pb_accordion_item title=»Utilitats» open=»on» open_toggle_text_color=»#443322&#8243; open_toggle_background_color=»rgba(221,204,170,0.24)» closed_toggle_text_color=»#443322&#8243; closed_toggle_background_color=»rgba(221,204,170,0.24)» icon_color=»#443322&#8243; use_icon_font_size=»on» icon_font_size=»20px» open_icon_color=»#443322&#8243; open_use_icon_font_size=»on» open_icon_font_size=»20px» _builder_version=»4.16&#8243; body_font=»Raleway||||||||» text_orientation=»left» border_color_all=»#998877&#8243; global_colors_info=»{}» toggle_text_color=»#443322&#8243; toggle_font=»Lora|700|on||||||» toggle_font_size=»20px» closed_toggle_font=»Lora|700|||||||» closed_toggle_font_size=»20px»]<span style="font-weight: 400;">&#8211; Per les cames, peus i cos en general</span><span style="font-weight: 400;"><br />
</span><span style="font-weight: 400;">&#8211; Ideal també com a sabó de mans</span><span style="font-weight: 400;"><br />
</span><span style="font-weight: 400;">&#8211; Perfecte per la pell seca i per les zones que necessiten exfoliacó.</span><span style="font-weight: 400;"><br />
</span><span style="font-weight: 400;">&#8211; Estimula la circulació corporal</span><span style="font-weight: 400;"><br />
</span><span style="font-weight: 400;">&#8211; Ideal per activar el cos i la ment a la dutxa del matí</span>[/et_pb_accordion_item][et_pb_accordion_item title=»Destaca per» open_toggle_text_color=»#443322&#8243; open_toggle_background_color=»rgba(221,204,170,0.24)» closed_toggle_text_color=»#443322&#8243; closed_toggle_background_color=»rgba(221,204,170,0.24)» icon_color=»#443322&#8243; use_icon_font_size=»on» icon_font_size=»20px» open_icon_color=»#443322&#8243; open_use_icon_font_size=»on» open_icon_font_size=»20px» _builder_version=»4.16&#8243; body_font=»Raleway||||||||» text_orientation=»left» border_color_all=»#998877&#8243; global_colors_info=»{}» toggle_text_color=»#443322&#8243; toggle_font=»Lora|700|on||||||» toggle_font_size=»20px» closed_toggle_font=»Lora|700|||||||» closed_toggle_font_size=»20px» open=»off»]<span style="font-weight: 400;">• Abundant escuma i aroma d&#8217;herbes i fresc.</span><span style="font-weight: 400;"><br />
</span><span style="font-weight: 400;">• La base d&#8217;olis verges d&#8217;orígen biològic premsats en fred el converteixen en un sabó suau i hidratant.</span><span style="font-weight: 400;"><br />
</span><span style="font-weight: 400;">• El romaní de recol·lecció pròpia permet assegurar d&#8217;obtenir una planta especialment potent i concentrada en propietats circulatòries i antisèptiques que en sinèrgia amb les llavors de rosella et deixaran la pell suau i fina.</span><span style="font-weight: 400;"><br />
</span><span style="font-weight: 400;">• La sinergia d&#8217;olis essencials purs de romaní i menta completen l&#8217;eficàcia circulatòria i ajuda la pell a regenerer-se saludablement després de l&#8217;exfoliació. </span><span style="font-weight: 400;"><br />
</span>[/et_pb_accordion_item][et_pb_accordion_item title=»Precaucions» open_toggle_text_color=»#443322&#8243; open_toggle_background_color=»rgba(221,204,170,0.24)» closed_toggle_text_color=»#443322&#8243; closed_toggle_background_color=»rgba(221,204,170,0.24)» icon_color=»#443322&#8243; use_icon_font_size=»on» icon_font_size=»20px» open_icon_color=»#443322&#8243; open_use_icon_font_size=»on» open_icon_font_size=»20px» _builder_version=»4.16&#8243; body_font=»Raleway||||||||» text_orientation=»left» border_color_all=»#998877&#8243; global_colors_info=»{}» toggle_text_color=»#443322&#8243; toggle_font=»Lora|700|on||||||» toggle_font_size=»20px» closed_toggle_font=»Lora|700|||||||» closed_toggle_font_size=»20px» open=»off»]<span style="font-weight: 400;">No l&#8217;utilitzeu amb menors de 6 anys. Eviteu-ne un ús excessiu durant l&#8217;embaràs.</span>[/et_pb_accordion_item][et_pb_accordion_item title=»Composició» open_toggle_text_color=»#443322&#8243; open_toggle_background_color=»rgba(221,204,170,0.24)» closed_toggle_text_color=»#443322&#8243; closed_toggle_background_color=»rgba(221,204,170,0.24)» icon_color=»#443322&#8243; use_icon_font_size=»on» icon_font_size=»20px» open_icon_color=»#443322&#8243; open_use_icon_font_size=»on» open_icon_font_size=»20px» _builder_version=»4.16&#8243; body_font=»Raleway||||||||» text_orientation=»left» border_color_all=»#998877&#8243; global_colors_info=»{}» toggle_text_color=»#443322&#8243; toggle_font=»Lora|700|on||||||» toggle_font_size=»20px» closed_toggle_font=»Lora|700|||||||» closed_toggle_font_size=»20px» open=»off»]<span style="font-weight: 400;">olea europaea fruit oil*** (oli d&#8217;oliva verge), cocos nucifera oil*** (oli de coco verge), aqua, sodium hydroxide (sosa càustica), kaolin (argila blanca), papaver rhoeas seed (llavors de rosella), rosmarinus officinalis leaf oil*** (a.e romaní), mentha piperita oil*** (a.e menta), rosmarinus officinalis flower extract** (extracte de romaní), commiphora myrrha resin extract** (extracte de mirra), tocopherol (vit.E natural), alcohol denat.</span></p>
<p>*presents naturalment als olis essencials purs.<br />
** de recol·lecció/elaboració pròpia.<br />
*** de procedència ecològica certificada.[/et_pb_accordion_item][/et_pb_accordion][/et_pb_column][/et_pb_row][et_pb_row _builder_version=»4.16&#8243; width=»100%» custom_margin=»40px|auto||auto||» global_colors_info=»{}»][et_pb_column type=»4_4&#8243; _builder_version=»4.16&#8243; global_colors_info=»{}»][et_pb_wc_related_products posts_number=»4&#8243; columns_number=»4&#8243; _builder_version=»4.16&#8243; global_colors_info=»{}»][/et_pb_wc_related_products][/et_pb_column][/et_pb_row][et_pb_row _builder_version=»4.16&#8243; width=»100%» custom_margin=»40px|auto||auto||» locked=»off» collapsed=»off» global_colors_info=»{}»][et_pb_column type=»4_4&#8243; _builder_version=»4.16&#8243; global_colors_info=»{}»][et_pb_wc_reviews _builder_version=»4.19.1&#8243; _module_preset=»default» global_colors_info=»{}»][/et_pb_wc_reviews][/et_pb_column][/et_pb_row][/et_pb_section]</p>

<p><strong>“Un massatge per la pell que t&#8217;ajuda a centrar-te i a activar-te mentalment”</strong><span style="font-weight: 400;"><br />
</span><span style="font-weight: 400;"><br />
</span><span style="font-weight: 400;">Coco bio – Rosella – Romaní bio</span><span style="font-weight: 400;"><br />
</span><span style="font-weight: 400;">Amb argila blanca i oli essencial de Menta</span><span style="font-weight: 400;"><br />
</span><span style="font-weight: 400;"><br />
</span><span style="font-weight: 400;">Sabó elaborat amb una fórmula exfoliant, circulatòria i hidratant que genera escuma abundant. L&#8217;aroma d&#8217;herba i refrescant de romaní i menta estimulen la circulació i la regeneració cutània.</span><span style="font-weight: 400;"><br />
</span><span style="font-weight: 400;"><br />
</span><span style="font-weight: 400;">Neteja i exfoliació respetuosa per la pell seca</span></p>
<div id="gtx-trans" style="position: absolute; left: -10px; top: 8.2px;">
<div class="gtx-trans-icon"></div>
</div>
