{"id":4177,"date":"2019-11-03T21:33:11","date_gmt":"2019-11-03T20:33:11","guid":{"rendered":"https:\/\/mandragoracosmetica.com\/producto\/caricia\/"},"modified":"2019-11-03T21:33:11","modified_gmt":"2019-11-03T20:33:11","slug":"caricia-2","status":"publish","type":"product","link":"https:\/\/webnova.mandragoracosmetica.com\/ca\/producto\/caricia-2\/","title":{"rendered":"Car\u00edcia &#8211; sab\u00f3 de cal\u00e8ndula 80 gr."},"content":{"rendered":"<p>[et_pb_section fb_built=\u00bb1&#8243; _builder_version=\u00bb4.16&#8243; custom_padding=\u00bb0px||||false|false\u00bb global_colors_info=\u00bb{}\u00bb][et_pb_row _builder_version=\u00bb4.16&#8243; background_size=\u00bbinitial\u00bb background_position=\u00bbtop_left\u00bb background_repeat=\u00bbrepeat\u00bb width=\u00bb100%\u00bb custom_padding=\u00bb0px||0px||false|false\u00bb global_colors_info=\u00bb{}\u00bb][et_pb_column type=\u00bb4_4&#8243; _builder_version=\u00bb4.16&#8243; custom_padding=\u00bb|||\u00bb global_colors_info=\u00bb{}\u00bb custom_padding__hover=\u00bb|||\u00bb][et_pb_wc_breadcrumb _builder_version=\u00bb4.16&#8243; global_colors_info=\u00bb{}\u00bb][\/et_pb_wc_breadcrumb][et_pb_wc_cart_notice _builder_version=\u00bb4.16&#8243; global_colors_info=\u00bb{}\u00bb][\/et_pb_wc_cart_notice][\/et_pb_column][\/et_pb_row][et_pb_row column_structure=\u00bb1_2,1_2&#8243; _builder_version=\u00bb4.16&#8243; background_size=\u00bbinitial\u00bb background_position=\u00bbtop_left\u00bb background_repeat=\u00bbrepeat\u00bb width=\u00bb100%\u00bb custom_padding=\u00bb0px||||false|false\u00bb global_colors_info=\u00bb{}\u00bb][et_pb_column type=\u00bb1_2&#8243; _builder_version=\u00bb4.16&#8243; custom_padding=\u00bb|||\u00bb global_colors_info=\u00bb{}\u00bb custom_padding__hover=\u00bb|||\u00bb][et_pb_wc_images _builder_version=\u00bb4.16&#8243; global_colors_info=\u00bb{}\u00bb][\/et_pb_wc_images][\/et_pb_column][et_pb_column type=\u00bb1_2&#8243; _builder_version=\u00bb4.16&#8243; custom_padding=\u00bb|||\u00bb global_colors_info=\u00bb{}\u00bb custom_padding__hover=\u00bb|||\u00bb][et_pb_wc_title _builder_version=\u00bb4.16&#8243; global_colors_info=\u00bb{}\u00bb][\/et_pb_wc_title][et_pb_wc_rating _builder_version=\u00bb4.16&#8243; global_colors_info=\u00bb{}\u00bb][\/et_pb_wc_rating][et_pb_wc_price _builder_version=\u00bb4.16&#8243; global_colors_info=\u00bb{}\u00bb][\/et_pb_wc_price][et_pb_wc_description _builder_version=\u00bb4.16&#8243; global_colors_info=\u00bb{}\u00bb][\/et_pb_wc_description][et_pb_wc_add_to_cart _builder_version=\u00bb4.16&#8243; global_colors_info=\u00bb{}\u00bb][\/et_pb_wc_add_to_cart][et_pb_wc_meta _builder_version=\u00bb4.16&#8243; global_colors_info=\u00bb{}\u00bb][\/et_pb_wc_meta][\/et_pb_column][\/et_pb_row][et_pb_row _builder_version=\u00bb4.16&#8243; width=\u00bb100%\u00bb max_width=\u00bb1111px\u00bb custom_padding=\u00bb||0px|||\u00bb global_colors_info=\u00bb{}\u00bb][et_pb_column type=\u00bb4_4&#8243; _builder_version=\u00bb4.16&#8243; global_colors_info=\u00bb{}\u00bb][et_pb_accordion _builder_version=\u00bb4.16&#8243; global_colors_info=\u00bb{}\u00bb][et_pb_accordion_item title=\u00bbUtilitats\u00bb open=\u00bbon\u00bb open_toggle_text_color=\u00bb#443322&#8243; open_toggle_background_color=\u00bbrgba(221,204,170,0.24)\u00bb closed_toggle_text_color=\u00bb#443322&#8243; closed_toggle_background_color=\u00bbrgba(221,204,170,0.24)\u00bb icon_color=\u00bb#443322&#8243; use_icon_font_size=\u00bbon\u00bb icon_font_size=\u00bb20px\u00bb open_icon_color=\u00bb#443322&#8243; open_use_icon_font_size=\u00bbon\u00bb open_icon_font_size=\u00bb20px\u00bb _builder_version=\u00bb4.16&#8243; body_font=\u00bbRaleway||||||||\u00bb text_orientation=\u00bbleft\u00bb border_color_all=\u00bb#998877&#8243; global_colors_info=\u00bb{}\u00bb toggle_text_color=\u00bb#443322&#8243; toggle_font=\u00bbLora|700|on||||||\u00bb toggle_font_size=\u00bb20px\u00bb closed_toggle_font=\u00bbLora|700|||||||\u00bb closed_toggle_font_size=\u00bb20px\u00bb]<span style=\"font-weight: 400;\">&#8211; Perfecte per l&#8217;\u00fas corporal<\/span><\/p>\n<p><span style=\"font-weight: 400;\">&#8211; Ideal tamb\u00e9\u00a0 com a sab\u00f3 de mans<\/span><\/p>\n<p><span style=\"font-weight: 400;\">&#8211; Pells normals i seques<\/span><\/p>\n<p><span style=\"font-weight: 400;\">&#8211; Pells sensibles<\/span><br \/>\n[\/et_pb_accordion_item][et_pb_accordion_item title=\u00bbDestaca per\u00bb open_toggle_text_color=\u00bb#443322&#8243; open_toggle_background_color=\u00bbrgba(221,204,170,0.24)\u00bb closed_toggle_text_color=\u00bb#443322&#8243; closed_toggle_background_color=\u00bbrgba(221,204,170,0.24)\u00bb icon_color=\u00bb#443322&#8243; use_icon_font_size=\u00bbon\u00bb icon_font_size=\u00bb20px\u00bb open_icon_color=\u00bb#443322&#8243; open_use_icon_font_size=\u00bbon\u00bb open_icon_font_size=\u00bb20px\u00bb _builder_version=\u00bb4.16&#8243; body_font=\u00bbRaleway||||||||\u00bb text_orientation=\u00bbleft\u00bb border_color_all=\u00bb#998877&#8243; global_colors_info=\u00bb{}\u00bb toggle_text_color=\u00bb#443322&#8243; toggle_font=\u00bbLora|700|on||||||\u00bb toggle_font_size=\u00bb20px\u00bb closed_toggle_font=\u00bbLora|700|||||||\u00bb closed_toggle_font_size=\u00bb20px\u00bb open=\u00bboff\u00bb]&nbsp;<\/p>\n<ul>\n<li><b><span style=\"font-weight: 400;\">La base amb olis verges d&#8217;or\u00edgen biol\u00f2gic i extrets de la primera premsada en fred el converteix en un oli netejador i calmant.\u00a0\u00a0<\/span><\/b><\/li>\n<\/ul>\n<ul>\n<li><span style=\"font-weight: 400;\">La cal\u00e8ndula de cultiu i recol\u00b7lecci\u00f3 pr\u00f2pia, en sinergia amb l&#8217;extracte de l&#8217;arrel de c\u00farcuma ens permet assegurar la pot\u00e8ncia de les propietats calmants, emol\u00b7lients, antioxidants, antis\u00e8ptiques i antiinflamat\u00f2ties\u00a0<\/span><\/li>\n<\/ul>\n<ul>\n<li><span style=\"font-weight: 400;\">La sinergia dels olis essencials purs de lavanda i eucaliptus potencia les propietats calmants tamb\u00e9 a nivell emocional.<\/span><\/li>\n<\/ul>\n<p>&nbsp;<\/p>\n<p>&nbsp;<br \/>\n[\/et_pb_accordion_item][et_pb_accordion_item title=\u00bbComposici\u00f3\u00bb open_toggle_text_color=\u00bb#443322&#8243; open_toggle_background_color=\u00bbrgba(221,204,170,0.24)\u00bb closed_toggle_text_color=\u00bb#443322&#8243; closed_toggle_background_color=\u00bbrgba(221,204,170,0.24)\u00bb icon_color=\u00bb#443322&#8243; use_icon_font_size=\u00bbon\u00bb icon_font_size=\u00bb20px\u00bb open_icon_color=\u00bb#443322&#8243; open_use_icon_font_size=\u00bbon\u00bb open_icon_font_size=\u00bb20px\u00bb _builder_version=\u00bb4.16&#8243; body_font=\u00bbRaleway||||||||\u00bb text_orientation=\u00bbleft\u00bb border_color_all=\u00bb#998877&#8243; global_colors_info=\u00bb{}\u00bb toggle_text_color=\u00bb#443322&#8243; toggle_font=\u00bbLora|700|on||||||\u00bb toggle_font_size=\u00bb20px\u00bb closed_toggle_font=\u00bbLora|700|||||||\u00bb closed_toggle_font_size=\u00bb20px\u00bb open=\u00bboff\u00bb]<span style=\"font-weight: 400;\">aqua, cocos nucifera oil*** <\/span><i><span style=\"font-weight: 400;\">(oli de coco verge)<\/span><\/i><span style=\"font-weight: 400;\">, prunus amygdalus dulcis oil <\/span><i><span style=\"font-weight: 400;\">(oli d&#8217;ametlles dolces)<\/span><\/i><span style=\"font-weight: 400;\">, olea europaea fruit oil*** <\/span><i><span style=\"font-weight: 400;\">(oli d&#8217;oliva verge)<\/span><\/i><span style=\"font-weight: 400;\">, sodium hydroxide <\/span><i><span style=\"font-weight: 400;\">(sosa c\u00e0ustica)<\/span><\/i><span style=\"font-weight: 400;\">, curcuma longa root powder <\/span><i><span style=\"font-weight: 400;\">(c\u00farcuma)<\/span><\/i><span style=\"font-weight: 400;\">, kaolin <\/span><i><span style=\"font-weight: 400;\">(argila blanca)<\/span><\/i><span style=\"font-weight: 400;\">, lavandula hybrida oil*** <\/span><i><span style=\"font-weight: 400;\">(a.e lavand\u00ed)<\/span><\/i><span style=\"font-weight: 400;\">,\u00a0 calendula officinalis flower extract** <\/span><i><span style=\"font-weight: 400;\">(extracte de cal\u00e8ndula)<\/span><\/i><span style=\"font-weight: 400;\">, eucalyptus globulus leaf oil*** <\/span><i><span style=\"font-weight: 400;\">(a.e eucapliptus)<\/span><\/i><span style=\"font-weight: 400;\">, commiphora myrrha resin extract** <\/span><i><span style=\"font-weight: 400;\">(extracte de mirra)<\/span><\/i><span style=\"font-weight: 400;\">, tocopherol <\/span><i><span style=\"font-weight: 400;\">(vit.E natural)<\/span><\/i><span style=\"font-weight: 400;\">, alcohol denat, limonene*, linalool*.<\/span><\/p>\n<p><span style=\"font-weight: 400;\">\u00a0<\/span><\/p>\n<p>*presents naturalment als olis essencials purs.<br \/>\n** de recol\u00b7lecci\u00f3\/elaboraci\u00f3 propia.<br \/>\n*** de proced\u00e8ncia ecol\u00f2gica certificada.<br \/>\n[\/et_pb_accordion_item][\/et_pb_accordion][\/et_pb_column][\/et_pb_row][et_pb_row _builder_version=\u00bb4.16&#8243; width=\u00bb100%\u00bb custom_margin=\u00bb40px|auto||auto||\u00bb global_colors_info=\u00bb{}\u00bb][et_pb_column type=\u00bb4_4&#8243; _builder_version=\u00bb4.16&#8243; global_colors_info=\u00bb{}\u00bb][et_pb_wc_related_products posts_number=\u00bb4&#8243; columns_number=\u00bb4&#8243; _builder_version=\u00bb4.16&#8243; global_colors_info=\u00bb{}\u00bb][\/et_pb_wc_related_products][\/et_pb_column][\/et_pb_row][et_pb_row _builder_version=\u00bb4.16&#8243; width=\u00bb100%\u00bb custom_margin=\u00bb40px|auto||auto||\u00bb locked=\u00bboff\u00bb collapsed=\u00bboff\u00bb global_colors_info=\u00bb{}\u00bb][et_pb_column type=\u00bb4_4&#8243; _builder_version=\u00bb4.16&#8243; global_colors_info=\u00bb{}\u00bb][et_pb_wc_reviews _builder_version=\u00bb4.19.1&#8243; _module_preset=\u00bbdefault\u00bb global_colors_info=\u00bb{}\u00bb][\/et_pb_wc_reviews][\/et_pb_column][\/et_pb_row][\/et_pb_section]<\/p>\n","protected":false},"excerpt":{"rendered":"<p><b>\u201cEnlaira l&#8217;energia tot calmant les tensions acumulades\u201d<\/b><\/p>\n<p><span style=\"font-weight: 400;\">Cal\u00e8ndula \u2013 Coco bio &#8211; C\u00farcuma<\/span><span style=\"font-weight: 400;\"><br \/>\n<\/span><span style=\"font-weight: 400;\">Amb extracte de Mirra, Eucaliptus i Lavand\u00ed<\/span><span style=\"font-weight: 400;\"><br \/>\n<\/span><\/p>\n<p><span style=\"font-weight: 400;\">La cal\u00e8ndula de cultiu i recol\u00b7lecci\u00f3 pr\u00f2pia, juntament amb la c\u00farcuma i els olis essencials purs de lavanda i eucaliptus converteixen aquest sab\u00f3 en un efica\u00e7 antiinflamatori, calmant i antis\u00e8ptic. Calma tamb\u00e9 emocionalment.\u00a0 \u00a0 \u00a0 \u00a0 \u00a0 \u00a0<\/span><\/p>\n<p><span style=\"font-weight: 400;\">Sab\u00f3 b\u00e0sic per a tota mena de pell<\/span><\/p>\n","protected":false},"featured_media":9059,"comment_status":"open","ping_status":"closed","template":"","meta":[],"product_brand":[],"product_cat":[185],"product_tag":[],"class_list":["post-4177","product","type-product","status-publish","has-post-thumbnail","product_cat-no-visibles-ca","first","outofstock","shipping-taxable","purchasable","product-type-simple"],"_links":{"self":[{"href":"https:\/\/webnova.mandragoracosmetica.com\/ca\/wp-json\/wp\/v2\/product\/4177","targetHints":{"allow":["GET"]}}],"collection":[{"href":"https:\/\/webnova.mandragoracosmetica.com\/ca\/wp-json\/wp\/v2\/product"}],"about":[{"href":"https:\/\/webnova.mandragoracosmetica.com\/ca\/wp-json\/wp\/v2\/types\/product"}],"replies":[{"embeddable":true,"href":"https:\/\/webnova.mandragoracosmetica.com\/ca\/wp-json\/wp\/v2\/comments?post=4177"}],"wp:featuredmedia":[{"embeddable":true,"href":"https:\/\/webnova.mandragoracosmetica.com\/ca\/wp-json\/wp\/v2\/media\/9059"}],"wp:attachment":[{"href":"https:\/\/webnova.mandragoracosmetica.com\/ca\/wp-json\/wp\/v2\/media?parent=4177"}],"wp:term":[{"taxonomy":"product_brand","embeddable":true,"href":"https:\/\/webnova.mandragoracosmetica.com\/ca\/wp-json\/wp\/v2\/product_brand?post=4177"},{"taxonomy":"product_cat","embeddable":true,"href":"https:\/\/webnova.mandragoracosmetica.com\/ca\/wp-json\/wp\/v2\/product_cat?post=4177"},{"taxonomy":"product_tag","embeddable":true,"href":"https:\/\/webnova.mandragoracosmetica.com\/ca\/wp-json\/wp\/v2\/product_tag?post=4177"}],"curies":[{"name":"wp","href":"https:\/\/api.w.org\/{rel}","templated":true}]}}

Carícia &#8211; sabó de calèndula 80 gr.

<p>[et_pb_section fb_built=»1&#8243; _builder_version=»4.16&#8243; custom_padding=»0px||||false|false» global_colors_info=»{}»][et_pb_row _builder_version=»4.16&#8243; background_size=»initial» background_position=»top_left» background_repeat=»repeat» width=»100%» custom_padding=»0px||0px||false|false» global_colors_info=»{}»][et_pb_column type=»4_4&#8243; _builder_version=»4.16&#8243; custom_padding=»|||» global_colors_info=»{}» custom_padding__hover=»|||»][et_pb_wc_breadcrumb _builder_version=»4.16&#8243; global_colors_info=»{}»][/et_pb_wc_breadcrumb][et_pb_wc_cart_notice _builder_version=»4.16&#8243; global_colors_info=»{}»][/et_pb_wc_cart_notice][/et_pb_column][/et_pb_row][et_pb_row column_structure=»1_2,1_2&#8243; _builder_version=»4.16&#8243; background_size=»initial» background_position=»top_left» background_repeat=»repeat» width=»100%» custom_padding=»0px||||false|false» global_colors_info=»{}»][et_pb_column type=»1_2&#8243; _builder_version=»4.16&#8243; custom_padding=»|||» global_colors_info=»{}» custom_padding__hover=»|||»][et_pb_wc_images _builder_version=»4.16&#8243; global_colors_info=»{}»][/et_pb_wc_images][/et_pb_column][et_pb_column type=»1_2&#8243; _builder_version=»4.16&#8243; custom_padding=»|||» global_colors_info=»{}» custom_padding__hover=»|||»][et_pb_wc_title _builder_version=»4.16&#8243; global_colors_info=»{}»][/et_pb_wc_title][et_pb_wc_rating _builder_version=»4.16&#8243; global_colors_info=»{}»][/et_pb_wc_rating][et_pb_wc_price _builder_version=»4.16&#8243; global_colors_info=»{}»][/et_pb_wc_price][et_pb_wc_description _builder_version=»4.16&#8243; global_colors_info=»{}»][/et_pb_wc_description][et_pb_wc_add_to_cart _builder_version=»4.16&#8243; global_colors_info=»{}»][/et_pb_wc_add_to_cart][et_pb_wc_meta _builder_version=»4.16&#8243; global_colors_info=»{}»][/et_pb_wc_meta][/et_pb_column][/et_pb_row][et_pb_row _builder_version=»4.16&#8243; width=»100%» max_width=»1111px» custom_padding=»||0px|||» global_colors_info=»{}»][et_pb_column type=»4_4&#8243; _builder_version=»4.16&#8243; global_colors_info=»{}»][et_pb_accordion _builder_version=»4.16&#8243; global_colors_info=»{}»][et_pb_accordion_item title=»Utilitats» open=»on» open_toggle_text_color=»#443322&#8243; open_toggle_background_color=»rgba(221,204,170,0.24)» closed_toggle_text_color=»#443322&#8243; closed_toggle_background_color=»rgba(221,204,170,0.24)» icon_color=»#443322&#8243; use_icon_font_size=»on» icon_font_size=»20px» open_icon_color=»#443322&#8243; open_use_icon_font_size=»on» open_icon_font_size=»20px» _builder_version=»4.16&#8243; body_font=»Raleway||||||||» text_orientation=»left» border_color_all=»#998877&#8243; global_colors_info=»{}» toggle_text_color=»#443322&#8243; toggle_font=»Lora|700|on||||||» toggle_font_size=»20px» closed_toggle_font=»Lora|700|||||||» closed_toggle_font_size=»20px»]<span style="font-weight: 400;">&#8211; Perfecte per l&#8217;ús corporal</span></p>
<p><span style="font-weight: 400;">&#8211; Ideal també  com a sabó de mans</span></p>
<p><span style="font-weight: 400;">&#8211; Pells normals i seques</span></p>
<p><span style="font-weight: 400;">&#8211; Pells sensibles</span><br />
[/et_pb_accordion_item][et_pb_accordion_item title=»Destaca per» open_toggle_text_color=»#443322&#8243; open_toggle_background_color=»rgba(221,204,170,0.24)» closed_toggle_text_color=»#443322&#8243; closed_toggle_background_color=»rgba(221,204,170,0.24)» icon_color=»#443322&#8243; use_icon_font_size=»on» icon_font_size=»20px» open_icon_color=»#443322&#8243; open_use_icon_font_size=»on» open_icon_font_size=»20px» _builder_version=»4.16&#8243; body_font=»Raleway||||||||» text_orientation=»left» border_color_all=»#998877&#8243; global_colors_info=»{}» toggle_text_color=»#443322&#8243; toggle_font=»Lora|700|on||||||» toggle_font_size=»20px» closed_toggle_font=»Lora|700|||||||» closed_toggle_font_size=»20px» open=»off»]&nbsp;</p>
<ul>
<li><b><span style="font-weight: 400;">La base amb olis verges d&#8217;orígen biològic i extrets de la primera premsada en fred el converteix en un oli netejador i calmant.  </span></b></li>
</ul>
<ul>
<li><span style="font-weight: 400;">La calèndula de cultiu i recol·lecció pròpia, en sinergia amb l&#8217;extracte de l&#8217;arrel de cúrcuma ens permet assegurar la potència de les propietats calmants, emol·lients, antioxidants, antisèptiques i antiinflamatòties </span></li>
</ul>
<ul>
<li><span style="font-weight: 400;">La sinergia dels olis essencials purs de lavanda i eucaliptus potencia les propietats calmants també a nivell emocional.</span></li>
</ul>
<p>&nbsp;</p>
<p>&nbsp;<br />
[/et_pb_accordion_item][et_pb_accordion_item title=»Composició» open_toggle_text_color=»#443322&#8243; open_toggle_background_color=»rgba(221,204,170,0.24)» closed_toggle_text_color=»#443322&#8243; closed_toggle_background_color=»rgba(221,204,170,0.24)» icon_color=»#443322&#8243; use_icon_font_size=»on» icon_font_size=»20px» open_icon_color=»#443322&#8243; open_use_icon_font_size=»on» open_icon_font_size=»20px» _builder_version=»4.16&#8243; body_font=»Raleway||||||||» text_orientation=»left» border_color_all=»#998877&#8243; global_colors_info=»{}» toggle_text_color=»#443322&#8243; toggle_font=»Lora|700|on||||||» toggle_font_size=»20px» closed_toggle_font=»Lora|700|||||||» closed_toggle_font_size=»20px» open=»off»]<span style="font-weight: 400;">aqua, cocos nucifera oil*** </span><i><span style="font-weight: 400;">(oli de coco verge)</span></i><span style="font-weight: 400;">, prunus amygdalus dulcis oil </span><i><span style="font-weight: 400;">(oli d&#8217;ametlles dolces)</span></i><span style="font-weight: 400;">, olea europaea fruit oil*** </span><i><span style="font-weight: 400;">(oli d&#8217;oliva verge)</span></i><span style="font-weight: 400;">, sodium hydroxide </span><i><span style="font-weight: 400;">(sosa càustica)</span></i><span style="font-weight: 400;">, curcuma longa root powder </span><i><span style="font-weight: 400;">(cúrcuma)</span></i><span style="font-weight: 400;">, kaolin </span><i><span style="font-weight: 400;">(argila blanca)</span></i><span style="font-weight: 400;">, lavandula hybrida oil*** </span><i><span style="font-weight: 400;">(a.e lavandí)</span></i><span style="font-weight: 400;">,  calendula officinalis flower extract** </span><i><span style="font-weight: 400;">(extracte de calèndula)</span></i><span style="font-weight: 400;">, eucalyptus globulus leaf oil*** </span><i><span style="font-weight: 400;">(a.e eucapliptus)</span></i><span style="font-weight: 400;">, commiphora myrrha resin extract** </span><i><span style="font-weight: 400;">(extracte de mirra)</span></i><span style="font-weight: 400;">, tocopherol </span><i><span style="font-weight: 400;">(vit.E natural)</span></i><span style="font-weight: 400;">, alcohol denat, limonene*, linalool*.</span></p>
<p><span style="font-weight: 400;"> </span></p>
<p>*presents naturalment als olis essencials purs.<br />
** de recol·lecció/elaboració propia.<br />
*** de procedència ecològica certificada.<br />
[/et_pb_accordion_item][/et_pb_accordion][/et_pb_column][/et_pb_row][et_pb_row _builder_version=»4.16&#8243; width=»100%» custom_margin=»40px|auto||auto||» global_colors_info=»{}»][et_pb_column type=»4_4&#8243; _builder_version=»4.16&#8243; global_colors_info=»{}»][et_pb_wc_related_products posts_number=»4&#8243; columns_number=»4&#8243; _builder_version=»4.16&#8243; global_colors_info=»{}»][/et_pb_wc_related_products][/et_pb_column][/et_pb_row][et_pb_row _builder_version=»4.16&#8243; width=»100%» custom_margin=»40px|auto||auto||» locked=»off» collapsed=»off» global_colors_info=»{}»][et_pb_column type=»4_4&#8243; _builder_version=»4.16&#8243; global_colors_info=»{}»][et_pb_wc_reviews _builder_version=»4.19.1&#8243; _module_preset=»default» global_colors_info=»{}»][/et_pb_wc_reviews][/et_pb_column][/et_pb_row][/et_pb_section]</p>

<p><b>“Enlaira l&#8217;energia tot calmant les tensions acumulades”</b></p>
<p><span style="font-weight: 400;">Calèndula – Coco bio &#8211; Cúrcuma</span><span style="font-weight: 400;"><br />
</span><span style="font-weight: 400;">Amb extracte de Mirra, Eucaliptus i Lavandí</span><span style="font-weight: 400;"><br />
</span></p>
<p><span style="font-weight: 400;">La calèndula de cultiu i recol·lecció pròpia, juntament amb la cúrcuma i els olis essencials purs de lavanda i eucaliptus converteixen aquest sabó en un eficaç antiinflamatori, calmant i antisèptic. Calma també emocionalment.           </span></p>
<p><span style="font-weight: 400;">Sabó bàsic per a tota mena de pell</span></p>
