{"id":4167,"date":"2019-11-01T22:27:08","date_gmt":"2019-11-01T21:27:08","guid":{"rendered":"https:\/\/mandragoracosmetica.com\/producto\/musculsan\/"},"modified":"2019-11-01T22:27:08","modified_gmt":"2019-11-01T21:27:08","slug":"musculsan-2","status":"publish","type":"product","link":"https:\/\/webnova.mandragoracosmetica.com\/ca\/producto\/musculsan-2\/","title":{"rendered":"Musculsan &#8211; oli de massatge corporal 100 ml."},"content":{"rendered":"<p>[et_pb_section fb_built=\u00bb1&#8243; _builder_version=\u00bb4.16&#8243; custom_padding=\u00bb0px||||false|false\u00bb global_colors_info=\u00bb{}\u00bb][et_pb_row _builder_version=\u00bb4.16&#8243; background_size=\u00bbinitial\u00bb background_position=\u00bbtop_left\u00bb background_repeat=\u00bbrepeat\u00bb width=\u00bb100%\u00bb custom_padding=\u00bb0px||0px||false|false\u00bb global_colors_info=\u00bb{}\u00bb][et_pb_column type=\u00bb4_4&#8243; _builder_version=\u00bb4.16&#8243; custom_padding=\u00bb|||\u00bb global_colors_info=\u00bb{}\u00bb custom_padding__hover=\u00bb|||\u00bb][et_pb_wc_breadcrumb _builder_version=\u00bb4.16&#8243; global_colors_info=\u00bb{}\u00bb][\/et_pb_wc_breadcrumb][et_pb_wc_cart_notice _builder_version=\u00bb4.16&#8243; global_colors_info=\u00bb{}\u00bb][\/et_pb_wc_cart_notice][\/et_pb_column][\/et_pb_row][et_pb_row column_structure=\u00bb1_2,1_2&#8243; _builder_version=\u00bb4.16&#8243; background_size=\u00bbinitial\u00bb background_position=\u00bbtop_left\u00bb background_repeat=\u00bbrepeat\u00bb width=\u00bb100%\u00bb custom_padding=\u00bb0px||||false|false\u00bb global_colors_info=\u00bb{}\u00bb][et_pb_column type=\u00bb1_2&#8243; _builder_version=\u00bb4.16&#8243; custom_padding=\u00bb|||\u00bb global_colors_info=\u00bb{}\u00bb custom_padding__hover=\u00bb|||\u00bb][et_pb_wc_images _builder_version=\u00bb4.16&#8243; global_colors_info=\u00bb{}\u00bb][\/et_pb_wc_images][\/et_pb_column][et_pb_column type=\u00bb1_2&#8243; _builder_version=\u00bb4.16&#8243; custom_padding=\u00bb|||\u00bb global_colors_info=\u00bb{}\u00bb custom_padding__hover=\u00bb|||\u00bb][et_pb_wc_title _builder_version=\u00bb4.16&#8243; global_colors_info=\u00bb{}\u00bb][\/et_pb_wc_title][et_pb_wc_rating _builder_version=\u00bb4.16&#8243; global_colors_info=\u00bb{}\u00bb][\/et_pb_wc_rating][et_pb_wc_price _builder_version=\u00bb4.16&#8243; global_colors_info=\u00bb{}\u00bb][\/et_pb_wc_price][et_pb_wc_description _builder_version=\u00bb4.16&#8243; global_colors_info=\u00bb{}\u00bb][\/et_pb_wc_description][et_pb_wc_add_to_cart _builder_version=\u00bb4.16&#8243; global_colors_info=\u00bb{}\u00bb][\/et_pb_wc_add_to_cart][et_pb_wc_meta _builder_version=\u00bb4.16&#8243; global_colors_info=\u00bb{}\u00bb][\/et_pb_wc_meta][\/et_pb_column][\/et_pb_row][et_pb_row _builder_version=\u00bb4.16&#8243; width=\u00bb100%\u00bb max_width=\u00bb1111px\u00bb custom_padding=\u00bb||0px|||\u00bb global_colors_info=\u00bb{}\u00bb][et_pb_column type=\u00bb4_4&#8243; _builder_version=\u00bb4.16&#8243; global_colors_info=\u00bb{}\u00bb][et_pb_accordion _builder_version=\u00bb4.16&#8243; global_colors_info=\u00bb{}\u00bb][et_pb_accordion_item title=\u00bb<\/p>\n<p>Utilitats<\/p>\n<p>\u00bb open=\u00bbon\u00bb open_toggle_text_color=\u00bb#443322&#8243; open_toggle_background_color=\u00bbrgba(221,204,170,0.24)\u00bb closed_toggle_text_color=\u00bb#443322&#8243; closed_toggle_background_color=\u00bbrgba(221,204,170,0.24)\u00bb icon_color=\u00bb#443322&#8243; use_icon_font_size=\u00bbon\u00bb icon_font_size=\u00bb20px\u00bb open_icon_color=\u00bb#443322&#8243; open_use_icon_font_size=\u00bbon\u00bb open_icon_font_size=\u00bb20px\u00bb _builder_version=\u00bb4.16&#8243; body_font=\u00bbRaleway||||||||\u00bb text_orientation=\u00bbleft\u00bb border_color_all=\u00bb#998877&#8243; global_colors_info=\u00bb{}\u00bb toggle_text_color=\u00bb#443322&#8243; toggle_font=\u00bbLora|700|on||||||\u00bb toggle_font_size=\u00bb20px\u00bb closed_toggle_font=\u00bbLora|700|||||||\u00bb closed_toggle_font_size=\u00bb20px\u00bb]<\/p>\n<p><span style=\"font-weight: 400;\" data-mce-style=\"font-weight: 400;\">&#8211; alleugeix els dolors dels processos inflamatoris del sistema musculoesquel\u00e8tic<\/span> <span style=\"font-weight: 400;\" data-mce-style=\"font-weight: 400;\">&#8211; dolors musculars i articulars<\/span> <span style=\"font-weight: 400;\" data-mce-style=\"font-weight: 400;\">&#8211; masatge circulatori<\/span> <span style=\"font-weight: 400;\" data-mce-style=\"font-weight: 400;\">&#8211; cames cansades, inflades, amb mala circulaci\u00f3<\/span> <span style=\"font-weight: 400;\" data-mce-style=\"font-weight: 400;\">&#8211; massatges circulatoris i limf\u00e0tics<\/span> <span style=\"font-weight: 400;\" data-mce-style=\"font-weight: 400;\">&#8211; massatges i aplicacions postesportives<\/span><\/p>\n<p>[\/et_pb_accordion_item][et_pb_accordion_item title=\u00bb<\/p>\n<p>Destaca per<\/p>\n<p>\u00bb open_toggle_text_color=\u00bb#443322&#8243; open_toggle_background_color=\u00bbrgba(221,204,170,0.24)\u00bb closed_toggle_text_color=\u00bb#443322&#8243; closed_toggle_background_color=\u00bbrgba(221,204,170,0.24)\u00bb icon_color=\u00bb#443322&#8243; use_icon_font_size=\u00bbon\u00bb icon_font_size=\u00bb20px\u00bb open_icon_color=\u00bb#443322&#8243; open_use_icon_font_size=\u00bbon\u00bb open_icon_font_size=\u00bb20px\u00bb _builder_version=\u00bb4.16&#8243; body_font=\u00bbRaleway||||||||\u00bb text_orientation=\u00bbleft\u00bb border_color_all=\u00bb#998877&#8243; global_colors_info=\u00bb{}\u00bb toggle_text_color=\u00bb#443322&#8243; toggle_font=\u00bbLora|700|on||||||\u00bb toggle_font_size=\u00bb20px\u00bb closed_toggle_font=\u00bbLora|700|||||||\u00bb closed_toggle_font_size=\u00bb20px\u00bb open=\u00bboff\u00bb]<\/p>\n<p><span style=\"font-weight: 400;\" data-mce-style=\"font-weight: 400;\">\u2022 Els olis que conformen la base s\u00f3n d&#8217;\u00e0rnica montana, d&#8217;hip\u00e8ric i de roman\u00ed. Tots elaborats artesanalment per garantir-ne l&#8217;obtenci\u00f3&nbsp; i:&nbsp;<\/span> <span style=\"font-weight: 400;\" data-mce-style=\"font-weight: 400;\">\u2022 La gran concentraci\u00f3 de principis actius antiinflamat\u00f2ris, analg\u00e8sics i circulatoris.<\/span> <span style=\"font-weight: 400;\" data-mce-style=\"font-weight: 400;\">\u2022 Els extractes hidroalcoh\u00f2lics d&#8217;\u00e0rnica montana i mirra potencien les propietats antiinflamat\u00f2ries i extreuen els principis no liposolubles de les plantes.&nbsp; &nbsp;<\/span> <span style=\"font-weight: 400;\" data-mce-style=\"font-weight: 400;\">\u2022 Els olis essencials de menta i de roman\u00ed acaben de potenciar l&#8217;efecte analg\u00e8sic i circulatori.<\/span> <span style=\"font-weight: 400;\" data-mce-style=\"font-weight: 400;\">\u2022 La doble c\u00e0rrega durant la maceraci\u00f3 extractiva de tots els olis permet obtenir una base carregad\u00edssima de propietats.<\/span> <span style=\"font-weight: 400;\" data-mce-style=\"font-weight: 400;\">Env\u00e0s de vidre fosc que preserva molt temps les propietats del producte.<\/span><\/p>\n<p>[\/et_pb_accordion_item][et_pb_accordion_item title=\u00bb<\/p>\n<p>Precaucions<\/p>\n<p>\u00bb open_toggle_text_color=\u00bb#443322&#8243; open_toggle_background_color=\u00bbrgba(221,204,170,0.24)\u00bb closed_toggle_text_color=\u00bb#443322&#8243; closed_toggle_background_color=\u00bbrgba(221,204,170,0.24)\u00bb icon_color=\u00bb#443322&#8243; use_icon_font_size=\u00bbon\u00bb icon_font_size=\u00bb20px\u00bb open_icon_color=\u00bb#443322&#8243; open_use_icon_font_size=\u00bbon\u00bb open_icon_font_size=\u00bb20px\u00bb _builder_version=\u00bb4.16&#8243; body_font=\u00bbRaleway||||||||\u00bb text_orientation=\u00bbleft\u00bb border_color_all=\u00bb#998877&#8243; global_colors_info=\u00bb{}\u00bb toggle_text_color=\u00bb#443322&#8243; toggle_font=\u00bbLora|700|on||||||\u00bb toggle_font_size=\u00bb20px\u00bb closed_toggle_font=\u00bbLora|700|||||||\u00bb closed_toggle_font_size=\u00bb20px\u00bb open=\u00bboff\u00bb]<\/p>\n<p><span style=\"font-weight: 400;\" data-mce-style=\"font-weight: 400;\">Producte fotosensible. No us exposeu al sol despr\u00e9s d&#8217;haver-vos-el aplicat.<\/span> <span style=\"font-weight: 400;\" data-mce-style=\"font-weight: 400;\">Eviteu-ne l&#8217;\u00fas durant l&#8217;embar\u00e0s i la lact\u00e0ncia.<\/span> <span style=\"font-weight: 400;\" data-mce-style=\"font-weight: 400;\">No el feu servir amb menors de 6 anys.<\/span><\/p>\n<p>[\/et_pb_accordion_item][et_pb_accordion_item title=\u00bb<\/p>\n<p>Composici\u00f3<\/p>\n<p>\u00bb open_toggle_text_color=\u00bb#443322&#8243; open_toggle_background_color=\u00bbrgba(221,204,170,0.24)\u00bb closed_toggle_text_color=\u00bb#443322&#8243; closed_toggle_background_color=\u00bbrgba(221,204,170,0.24)\u00bb icon_color=\u00bb#443322&#8243; use_icon_font_size=\u00bbon\u00bb icon_font_size=\u00bb20px\u00bb open_icon_color=\u00bb#443322&#8243; open_use_icon_font_size=\u00bbon\u00bb open_icon_font_size=\u00bb20px\u00bb _builder_version=\u00bb4.16&#8243; body_font=\u00bbRaleway||||||||\u00bb text_orientation=\u00bbleft\u00bb border_color_all=\u00bb#998877&#8243; global_colors_info=\u00bb{}\u00bb toggle_text_color=\u00bb#443322&#8243; toggle_font=\u00bbLora|700|on||||||\u00bb toggle_font_size=\u00bb20px\u00bb closed_toggle_font=\u00bbLora|700|||||||\u00bb closed_toggle_font_size=\u00bb20px\u00bb open=\u00bboff\u00bb]<\/p>\n<p><span style=\"font-weight: 400;\" data-mce-style=\"font-weight: 400;\">Olea Europaea Fruit Oil*** (oli d&#8217;oliva verge), Alcohol Denat, Aqua, Arnica Montana Flower Extract** (extracte d&#8217;\u00e0rnica montana), Rosmarinus Officinalis Flower Extract** (extracte de roman\u00ed), Hypericum Perforatum Flower Extract** (extracte d&#8217;hip\u00e8ric), Rosmarinus Officinalis Leaf Oil*** (a.e roman\u00ed QT c\u00e0mfora), Tocopherol (vit.E), Eucalyptus Globulus Flower Extract** (extracte d&#8217;eucaliptus), Commiphora Myrrha Resin Extract** (extracte de mirra), Mentha Piperita Oil*** (a.e menta), Limonene*, Linalool*.<\/span>  *presents naturalmente als olis essencials purss. ** de recol\u00b7lecci\u00f3\/elaboraci\u00f3 pr\u00f2pia. *** de proced\u00e8ncia ecol\u00f2gica certificada.<\/p>\n<p>[\/et_pb_accordion_item][\/et_pb_accordion][\/et_pb_column][\/et_pb_row][et_pb_row _builder_version=\u00bb4.16&#8243; width=\u00bb100%\u00bb custom_margin=\u00bb40px|auto||auto||\u00bb global_colors_info=\u00bb{}\u00bb][et_pb_column type=\u00bb4_4&#8243; _builder_version=\u00bb4.16&#8243; global_colors_info=\u00bb{}\u00bb][et_pb_wc_related_products posts_number=\u00bb4&#8243; columns_number=\u00bb4&#8243; _builder_version=\u00bb4.16&#8243; global_colors_info=\u00bb{}\u00bb][\/et_pb_wc_related_products][\/et_pb_column][\/et_pb_row][et_pb_row _builder_version=\u00bb4.16&#8243; width=\u00bb100%\u00bb custom_margin=\u00bb40px|auto||auto||\u00bb locked=\u00bboff\u00bb collapsed=\u00bboff\u00bb global_colors_info=\u00bb{}\u00bb][et_pb_column type=\u00bb4_4&#8243; _builder_version=\u00bb4.16&#8243; global_colors_info=\u00bb{}\u00bb][et_pb_wc_reviews _builder_version=\u00bb4.19.1&#8243; _module_preset=\u00bbdefault\u00bb global_colors_info=\u00bb{}\u00bb][\/et_pb_wc_reviews][\/et_pb_column][\/et_pb_row][\/et_pb_section]<\/p>\n","protected":false},"excerpt":{"rendered":"<p><b>\u201cD\u00f3na un missatge de calma als m\u00fasculs i articulacions amb un massatge reparador\u201d<\/b>  <span style=\"font-weight: 400;\" data-mce-style=\"font-weight: 400;\">Hip\u00e8ric &#8211; \u00c0rnica &#8211; Roman\u00ed<\/span> <span style=\"font-weight: 400;\" data-mce-style=\"font-weight: 400;\">Amb extracte de Mirra i Menta piperita<\/span> <span style=\"font-weight: 400;\" data-mce-style=\"font-weight: 400;\">Enriquit amb vitamina E<\/span>  <span style=\"font-weight: 400;\" data-mce-style=\"font-weight: 400;\">Un aut\u00e8ntic missatge dins d&#8217;una ampolla. Aquest oli amb potents principis actius de plantes amb propietats&nbsp; antiinflamat\u00f2ries i circulat\u00f2ries et calmar\u00e0 el dolor muscular, el dels tendons i les articulacions.&nbsp; &nbsp; &nbsp;<\/span>  <span style=\"font-weight: 400;\" data-mce-style=\"font-weight: 400;\">Massatge calmant per les zones adolorides.&nbsp;&nbsp;<\/span><\/p>\n","protected":false},"featured_media":9069,"comment_status":"open","ping_status":"closed","template":"","meta":[],"product_brand":[],"product_cat":[183,184],"product_tag":[],"class_list":["post-4167","product","type-product","status-publish","has-post-thumbnail","product_cat-corporal-ca-2","product_cat-remeis-ca","first","instock","shipping-taxable","purchasable","product-type-simple"],"_links":{"self":[{"href":"https:\/\/webnova.mandragoracosmetica.com\/ca\/wp-json\/wp\/v2\/product\/4167","targetHints":{"allow":["GET"]}}],"collection":[{"href":"https:\/\/webnova.mandragoracosmetica.com\/ca\/wp-json\/wp\/v2\/product"}],"about":[{"href":"https:\/\/webnova.mandragoracosmetica.com\/ca\/wp-json\/wp\/v2\/types\/product"}],"replies":[{"embeddable":true,"href":"https:\/\/webnova.mandragoracosmetica.com\/ca\/wp-json\/wp\/v2\/comments?post=4167"}],"wp:featuredmedia":[{"embeddable":true,"href":"https:\/\/webnova.mandragoracosmetica.com\/ca\/wp-json\/wp\/v2\/media\/9069"}],"wp:attachment":[{"href":"https:\/\/webnova.mandragoracosmetica.com\/ca\/wp-json\/wp\/v2\/media?parent=4167"}],"wp:term":[{"taxonomy":"product_brand","embeddable":true,"href":"https:\/\/webnova.mandragoracosmetica.com\/ca\/wp-json\/wp\/v2\/product_brand?post=4167"},{"taxonomy":"product_cat","embeddable":true,"href":"https:\/\/webnova.mandragoracosmetica.com\/ca\/wp-json\/wp\/v2\/product_cat?post=4167"},{"taxonomy":"product_tag","embeddable":true,"href":"https:\/\/webnova.mandragoracosmetica.com\/ca\/wp-json\/wp\/v2\/product_tag?post=4167"}],"curies":[{"name":"wp","href":"https:\/\/api.w.org\/{rel}","templated":true}]}}

<p>[et_pb_section fb_built=»1&#8243; _builder_version=»4.16&#8243; custom_padding=»0px||||false|false» global_colors_info=»{}»][et_pb_row _builder_version=»4.16&#8243; background_size=»initial» background_position=»top_left» background_repeat=»repeat» width=»100%» custom_padding=»0px||0px||false|false» global_colors_info=»{}»][et_pb_column type=»4_4&#8243; _builder_version=»4.16&#8243; custom_padding=»|||» global_colors_info=»{}» custom_padding__hover=»|||»][et_pb_wc_breadcrumb _builder_version=»4.16&#8243; global_colors_info=»{}»][/et_pb_wc_breadcrumb][et_pb_wc_cart_notice _builder_version=»4.16&#8243; global_colors_info=»{}»][/et_pb_wc_cart_notice][/et_pb_column][/et_pb_row][et_pb_row column_structure=»1_2,1_2&#8243; _builder_version=»4.16&#8243; background_size=»initial» background_position=»top_left» background_repeat=»repeat» width=»100%» custom_padding=»0px||||false|false» global_colors_info=»{}»][et_pb_column type=»1_2&#8243; _builder_version=»4.16&#8243; custom_padding=»|||» global_colors_info=»{}» custom_padding__hover=»|||»][et_pb_wc_images _builder_version=»4.16&#8243; global_colors_info=»{}»][/et_pb_wc_images][/et_pb_column][et_pb_column type=»1_2&#8243; _builder_version=»4.16&#8243; custom_padding=»|||» global_colors_info=»{}» custom_padding__hover=»|||»][et_pb_wc_title _builder_version=»4.16&#8243; global_colors_info=»{}»][/et_pb_wc_title][et_pb_wc_rating _builder_version=»4.16&#8243; global_colors_info=»{}»][/et_pb_wc_rating][et_pb_wc_price _builder_version=»4.16&#8243; global_colors_info=»{}»][/et_pb_wc_price][et_pb_wc_description _builder_version=»4.16&#8243; global_colors_info=»{}»][/et_pb_wc_description][et_pb_wc_add_to_cart _builder_version=»4.16&#8243; global_colors_info=»{}»][/et_pb_wc_add_to_cart][et_pb_wc_meta _builder_version=»4.16&#8243; global_colors_info=»{}»][/et_pb_wc_meta][/et_pb_column][/et_pb_row][et_pb_row _builder_version=»4.16&#8243; width=»100%» max_width=»1111px» custom_padding=»||0px|||» global_colors_info=»{}»][et_pb_column type=»4_4&#8243; _builder_version=»4.16&#8243; global_colors_info=»{}»][et_pb_accordion _builder_version=»4.16&#8243; global_colors_info=»{}»][et_pb_accordion_item title=»</p>
<p>Utilitats</p>
<p>» open=»on» open_toggle_text_color=»#443322&#8243; open_toggle_background_color=»rgba(221,204,170,0.24)» closed_toggle_text_color=»#443322&#8243; closed_toggle_background_color=»rgba(221,204,170,0.24)» icon_color=»#443322&#8243; use_icon_font_size=»on» icon_font_size=»20px» open_icon_color=»#443322&#8243; open_use_icon_font_size=»on» open_icon_font_size=»20px» _builder_version=»4.16&#8243; body_font=»Raleway||||||||» text_orientation=»left» border_color_all=»#998877&#8243; global_colors_info=»{}» toggle_text_color=»#443322&#8243; toggle_font=»Lora|700|on||||||» toggle_font_size=»20px» closed_toggle_font=»Lora|700|||||||» closed_toggle_font_size=»20px»]</p>
<p><span style="font-weight: 400;" data-mce-style="font-weight: 400;">&#8211; alleugeix els dolors dels processos inflamatoris del sistema musculoesquelètic</span> <span style="font-weight: 400;" data-mce-style="font-weight: 400;">&#8211; dolors musculars i articulars</span> <span style="font-weight: 400;" data-mce-style="font-weight: 400;">&#8211; masatge circulatori</span> <span style="font-weight: 400;" data-mce-style="font-weight: 400;">&#8211; cames cansades, inflades, amb mala circulació</span> <span style="font-weight: 400;" data-mce-style="font-weight: 400;">&#8211; massatges circulatoris i limfàtics</span> <span style="font-weight: 400;" data-mce-style="font-weight: 400;">&#8211; massatges i aplicacions postesportives</span></p>
<p>[/et_pb_accordion_item][et_pb_accordion_item title=»</p>
<p>Destaca per</p>
<p>» open_toggle_text_color=»#443322&#8243; open_toggle_background_color=»rgba(221,204,170,0.24)» closed_toggle_text_color=»#443322&#8243; closed_toggle_background_color=»rgba(221,204,170,0.24)» icon_color=»#443322&#8243; use_icon_font_size=»on» icon_font_size=»20px» open_icon_color=»#443322&#8243; open_use_icon_font_size=»on» open_icon_font_size=»20px» _builder_version=»4.16&#8243; body_font=»Raleway||||||||» text_orientation=»left» border_color_all=»#998877&#8243; global_colors_info=»{}» toggle_text_color=»#443322&#8243; toggle_font=»Lora|700|on||||||» toggle_font_size=»20px» closed_toggle_font=»Lora|700|||||||» closed_toggle_font_size=»20px» open=»off»]</p>
<p><span style="font-weight: 400;" data-mce-style="font-weight: 400;">• Els olis que conformen la base són d&#8217;àrnica montana, d&#8217;hipèric i de romaní. Tots elaborats artesanalment per garantir-ne l&#8217;obtenció&nbsp; i:&nbsp;</span> <span style="font-weight: 400;" data-mce-style="font-weight: 400;">• La gran concentració de principis actius antiinflamatòris, analgèsics i circulatoris.</span> <span style="font-weight: 400;" data-mce-style="font-weight: 400;">• Els extractes hidroalcohòlics d&#8217;àrnica montana i mirra potencien les propietats antiinflamatòries i extreuen els principis no liposolubles de les plantes.&nbsp; &nbsp;</span> <span style="font-weight: 400;" data-mce-style="font-weight: 400;">• Els olis essencials de menta i de romaní acaben de potenciar l&#8217;efecte analgèsic i circulatori.</span> <span style="font-weight: 400;" data-mce-style="font-weight: 400;">• La doble càrrega durant la maceració extractiva de tots els olis permet obtenir una base carregadíssima de propietats.</span> <span style="font-weight: 400;" data-mce-style="font-weight: 400;">Envàs de vidre fosc que preserva molt temps les propietats del producte.</span></p>
<p>[/et_pb_accordion_item][et_pb_accordion_item title=»</p>
<p>Precaucions</p>
<p>» open_toggle_text_color=»#443322&#8243; open_toggle_background_color=»rgba(221,204,170,0.24)» closed_toggle_text_color=»#443322&#8243; closed_toggle_background_color=»rgba(221,204,170,0.24)» icon_color=»#443322&#8243; use_icon_font_size=»on» icon_font_size=»20px» open_icon_color=»#443322&#8243; open_use_icon_font_size=»on» open_icon_font_size=»20px» _builder_version=»4.16&#8243; body_font=»Raleway||||||||» text_orientation=»left» border_color_all=»#998877&#8243; global_colors_info=»{}» toggle_text_color=»#443322&#8243; toggle_font=»Lora|700|on||||||» toggle_font_size=»20px» closed_toggle_font=»Lora|700|||||||» closed_toggle_font_size=»20px» open=»off»]</p>
<p><span style="font-weight: 400;" data-mce-style="font-weight: 400;">Producte fotosensible. No us exposeu al sol després d&#8217;haver-vos-el aplicat.</span> <span style="font-weight: 400;" data-mce-style="font-weight: 400;">Eviteu-ne l&#8217;ús durant l&#8217;embaràs i la lactància.</span> <span style="font-weight: 400;" data-mce-style="font-weight: 400;">No el feu servir amb menors de 6 anys.</span></p>
<p>[/et_pb_accordion_item][et_pb_accordion_item title=»</p>
<p>Composició</p>
<p>» open_toggle_text_color=»#443322&#8243; open_toggle_background_color=»rgba(221,204,170,0.24)» closed_toggle_text_color=»#443322&#8243; closed_toggle_background_color=»rgba(221,204,170,0.24)» icon_color=»#443322&#8243; use_icon_font_size=»on» icon_font_size=»20px» open_icon_color=»#443322&#8243; open_use_icon_font_size=»on» open_icon_font_size=»20px» _builder_version=»4.16&#8243; body_font=»Raleway||||||||» text_orientation=»left» border_color_all=»#998877&#8243; global_colors_info=»{}» toggle_text_color=»#443322&#8243; toggle_font=»Lora|700|on||||||» toggle_font_size=»20px» closed_toggle_font=»Lora|700|||||||» closed_toggle_font_size=»20px» open=»off»]</p>
<p><span style="font-weight: 400;" data-mce-style="font-weight: 400;">Olea Europaea Fruit Oil*** (oli d&#8217;oliva verge), Alcohol Denat, Aqua, Arnica Montana Flower Extract** (extracte d&#8217;àrnica montana), Rosmarinus Officinalis Flower Extract** (extracte de romaní), Hypericum Perforatum Flower Extract** (extracte d&#8217;hipèric), Rosmarinus Officinalis Leaf Oil*** (a.e romaní QT càmfora), Tocopherol (vit.E), Eucalyptus Globulus Flower Extract** (extracte d&#8217;eucaliptus), Commiphora Myrrha Resin Extract** (extracte de mirra), Mentha Piperita Oil*** (a.e menta), Limonene*, Linalool*.</span>  *presents naturalmente als olis essencials purss. ** de recol·lecció/elaboració pròpia. *** de procedència ecològica certificada.</p>
<p>[/et_pb_accordion_item][/et_pb_accordion][/et_pb_column][/et_pb_row][et_pb_row _builder_version=»4.16&#8243; width=»100%» custom_margin=»40px|auto||auto||» global_colors_info=»{}»][et_pb_column type=»4_4&#8243; _builder_version=»4.16&#8243; global_colors_info=»{}»][et_pb_wc_related_products posts_number=»4&#8243; columns_number=»4&#8243; _builder_version=»4.16&#8243; global_colors_info=»{}»][/et_pb_wc_related_products][/et_pb_column][/et_pb_row][et_pb_row _builder_version=»4.16&#8243; width=»100%» custom_margin=»40px|auto||auto||» locked=»off» collapsed=»off» global_colors_info=»{}»][et_pb_column type=»4_4&#8243; _builder_version=»4.16&#8243; global_colors_info=»{}»][et_pb_wc_reviews _builder_version=»4.19.1&#8243; _module_preset=»default» global_colors_info=»{}»][/et_pb_wc_reviews][/et_pb_column][/et_pb_row][/et_pb_section]</p>

<p><b>“Dóna un missatge de calma als músculs i articulacions amb un massatge reparador”</b>  <span style="font-weight: 400;" data-mce-style="font-weight: 400;">Hipèric &#8211; Àrnica &#8211; Romaní</span> <span style="font-weight: 400;" data-mce-style="font-weight: 400;">Amb extracte de Mirra i Menta piperita</span> <span style="font-weight: 400;" data-mce-style="font-weight: 400;">Enriquit amb vitamina E</span>  <span style="font-weight: 400;" data-mce-style="font-weight: 400;">Un autèntic missatge dins d&#8217;una ampolla. Aquest oli amb potents principis actius de plantes amb propietats&nbsp; antiinflamatòries i circulatòries et calmarà el dolor muscular, el dels tendons i les articulacions.&nbsp; &nbsp; &nbsp;</span>  <span style="font-weight: 400;" data-mce-style="font-weight: 400;">Massatge calmant per les zones adolorides.&nbsp;&nbsp;</span></p>
