{"id":4056,"date":"2019-11-05T22:48:48","date_gmt":"2019-11-05T21:48:48","guid":{"rendered":"https:\/\/mandragoracosmetica.com\/producto\/pequebalsan\/"},"modified":"2019-11-05T22:48:48","modified_gmt":"2019-11-05T21:48:48","slug":"pequebalsan-2","status":"publish","type":"product","link":"https:\/\/webnova.mandragoracosmetica.com\/ca\/producto\/pequebalsan-2\/","title":{"rendered":"Peque BalSaN &#8211; ung\u00fcent pectoral infantil 30 ml."},"content":{"rendered":"<p>[et_pb_section fb_built=\u00bb1&#8243; _builder_version=\u00bb4.16&#8243; custom_padding=\u00bb0px||||false|false\u00bb global_colors_info=\u00bb{}\u00bb][et_pb_row _builder_version=\u00bb4.16&#8243; background_size=\u00bbinitial\u00bb background_position=\u00bbtop_left\u00bb background_repeat=\u00bbrepeat\u00bb width=\u00bb100%\u00bb custom_padding=\u00bb0px||0px||false|false\u00bb global_colors_info=\u00bb{}\u00bb][et_pb_column type=\u00bb4_4&#8243; _builder_version=\u00bb4.16&#8243; custom_padding=\u00bb|||\u00bb global_colors_info=\u00bb{}\u00bb custom_padding__hover=\u00bb|||\u00bb][et_pb_wc_breadcrumb _builder_version=\u00bb4.16&#8243; global_colors_info=\u00bb{}\u00bb][\/et_pb_wc_breadcrumb][et_pb_wc_cart_notice _builder_version=\u00bb4.16&#8243; global_colors_info=\u00bb{}\u00bb][\/et_pb_wc_cart_notice][\/et_pb_column][\/et_pb_row][et_pb_row column_structure=\u00bb1_2,1_2&#8243; _builder_version=\u00bb4.16&#8243; background_size=\u00bbinitial\u00bb background_position=\u00bbtop_left\u00bb background_repeat=\u00bbrepeat\u00bb width=\u00bb100%\u00bb custom_padding=\u00bb0px||||false|false\u00bb global_colors_info=\u00bb{}\u00bb][et_pb_column type=\u00bb1_2&#8243; _builder_version=\u00bb4.16&#8243; custom_padding=\u00bb|||\u00bb global_colors_info=\u00bb{}\u00bb custom_padding__hover=\u00bb|||\u00bb][et_pb_wc_images _builder_version=\u00bb4.16&#8243; global_colors_info=\u00bb{}\u00bb][\/et_pb_wc_images][\/et_pb_column][et_pb_column type=\u00bb1_2&#8243; _builder_version=\u00bb4.16&#8243; custom_padding=\u00bb|||\u00bb global_colors_info=\u00bb{}\u00bb custom_padding__hover=\u00bb|||\u00bb][et_pb_wc_title _builder_version=\u00bb4.16&#8243; global_colors_info=\u00bb{}\u00bb][\/et_pb_wc_title][et_pb_wc_rating _builder_version=\u00bb4.16&#8243; global_colors_info=\u00bb{}\u00bb][\/et_pb_wc_rating][et_pb_wc_price _builder_version=\u00bb4.16&#8243; global_colors_info=\u00bb{}\u00bb][\/et_pb_wc_price][et_pb_wc_description _builder_version=\u00bb4.16&#8243; global_colors_info=\u00bb{}\u00bb][\/et_pb_wc_description][et_pb_wc_add_to_cart _builder_version=\u00bb4.16&#8243; global_colors_info=\u00bb{}\u00bb][\/et_pb_wc_add_to_cart][et_pb_wc_meta _builder_version=\u00bb4.16&#8243; global_colors_info=\u00bb{}\u00bb][\/et_pb_wc_meta][\/et_pb_column][\/et_pb_row][et_pb_row _builder_version=\u00bb4.16&#8243; width=\u00bb100%\u00bb max_width=\u00bb1111px\u00bb custom_padding=\u00bb||0px|||\u00bb global_colors_info=\u00bb{}\u00bb][et_pb_column type=\u00bb4_4&#8243; _builder_version=\u00bb4.16&#8243; global_colors_info=\u00bb{}\u00bb][et_pb_accordion _builder_version=\u00bb4.16&#8243; global_colors_info=\u00bb{}\u00bb][et_pb_accordion_item title=\u00bbUtilitats\u00bb open=\u00bbon\u00bb open_toggle_text_color=\u00bb#443322&#8243; open_toggle_background_color=\u00bbrgba(221,204,170,0.24)\u00bb closed_toggle_text_color=\u00bb#443322&#8243; closed_toggle_background_color=\u00bbrgba(221,204,170,0.24)\u00bb icon_color=\u00bb#443322&#8243; use_icon_font_size=\u00bbon\u00bb icon_font_size=\u00bb20px\u00bb open_icon_color=\u00bb#443322&#8243; open_use_icon_font_size=\u00bbon\u00bb open_icon_font_size=\u00bb20px\u00bb _builder_version=\u00bb4.16&#8243; body_font=\u00bbRaleway||||||||\u00bb text_orientation=\u00bbleft\u00bb border_color_all=\u00bb#998877&#8243; global_colors_info=\u00bb{}\u00bb toggle_text_color=\u00bb#443322&#8243; toggle_font=\u00bbLora|700|on||||||\u00bb toggle_font_size=\u00bb20px\u00bb closed_toggle_font=\u00bbLora|700|||||||\u00bb closed_toggle_font_size=\u00bb20px\u00bb]<span style=\"font-weight: 400;\">&#8211; mucositats, tos, refredats<\/span><span style=\"font-weight: 400;\"><br \/>\n<\/span><span style=\"font-weight: 400;\">&#8211; congesti\u00f3 respirat\u00f2ria<\/span><span style=\"font-weight: 400;\"><br \/>\n<\/span><span style=\"font-weight: 400;\">&#8211; Aplicar-lo al pit, a l&#8217;esquena i als peus, fent un suau massatge i un extra d&#8217;amor i d&#8217;atencions, tot dedicant-t&#8217;hi l&#8217;estona necess\u00e0ria en aquest moment de tranquil\u00b7litat.<\/span>[\/et_pb_accordion_item][et_pb_accordion_item title=\u00bbDestaca per\u00bb open_toggle_text_color=\u00bb#443322&#8243; open_toggle_background_color=\u00bbrgba(221,204,170,0.24)\u00bb closed_toggle_text_color=\u00bb#443322&#8243; closed_toggle_background_color=\u00bbrgba(221,204,170,0.24)\u00bb icon_color=\u00bb#443322&#8243; use_icon_font_size=\u00bbon\u00bb icon_font_size=\u00bb20px\u00bb open_icon_color=\u00bb#443322&#8243; open_use_icon_font_size=\u00bbon\u00bb open_icon_font_size=\u00bb20px\u00bb _builder_version=\u00bb4.16&#8243; body_font=\u00bbRaleway||||||||\u00bb text_orientation=\u00bbleft\u00bb border_color_all=\u00bb#998877&#8243; global_colors_info=\u00bb{}\u00bb toggle_text_color=\u00bb#443322&#8243; toggle_font=\u00bbLora|700|on||||||\u00bb toggle_font_size=\u00bb20px\u00bb closed_toggle_font=\u00bbLora|700|||||||\u00bb closed_toggle_font_size=\u00bb20px\u00bb open=\u00bboff\u00bb]<span style=\"font-weight: 400;\">\u2022 \u00c9s un b\u00e0lsam d&#8217;extractes i olis essencials de plantes suaus, adequades pels infants a partir dels sis mesos.<\/span><span style=\"font-weight: 400;\"><br \/>\n<\/span><span style=\"font-weight: 400;\">\u2022 Propietats expectorants, antituss\u00edgenes, calmants i relaxants.\u00a0\u00a0<\/span><span style=\"font-weight: 400;\"><br \/>\n<\/span><span style=\"font-weight: 400;\">\u2022 Calma les mol\u00e8sties, tranquil\u00b7litza i relaxa i afavoreix la curaci\u00f3.<\/span><span style=\"font-weight: 400;\"><br \/>\n<\/span><span style=\"font-weight: 400;\">\u2022 Cont\u00e9 olis i extractes de lavanda i cal\u00e8ndula elaborades artesanalment per obtenir-ne totes les propietats relaxants i calmants, alhora que cuida la pell m\u00e9s sensible.<\/span><span style=\"font-weight: 400;\"><br \/>\n<\/span><span style=\"font-weight: 400;\">\u2022 Els olis essencials de ravintsara, pi, eucaliptus, radiata i lavanda aporten l&#8217;efecte expectorant, antitussigen i en potencien l&#8217;efecte calmant i relaxant.<\/span><span style=\"font-weight: 400;\"><br \/>\n<\/span><\/p>\n<p><span style=\"font-weight: 400;\">Env\u00e0s de vidre fosc que preserva molt temps les propietats del producte.<\/span>[\/et_pb_accordion_item][et_pb_accordion_item title=\u00bbPrecaucions i aplicaci\u00f3\u00bb open_toggle_text_color=\u00bb#443322&#8243; open_toggle_background_color=\u00bbrgba(221,204,170,0.24)\u00bb closed_toggle_text_color=\u00bb#443322&#8243; closed_toggle_background_color=\u00bbrgba(221,204,170,0.24)\u00bb icon_color=\u00bb#443322&#8243; use_icon_font_size=\u00bbon\u00bb icon_font_size=\u00bb20px\u00bb open_icon_color=\u00bb#443322&#8243; open_use_icon_font_size=\u00bbon\u00bb open_icon_font_size=\u00bb20px\u00bb _builder_version=\u00bb4.16&#8243; body_font=\u00bbRaleway||||||||\u00bb text_orientation=\u00bbleft\u00bb border_color_all=\u00bb#998877&#8243; global_colors_info=\u00bb{}\u00bb toggle_text_color=\u00bb#443322&#8243; toggle_font=\u00bbLora|700|on||||||\u00bb toggle_font_size=\u00bb20px\u00bb closed_toggle_font=\u00bbLora|700|||||||\u00bb closed_toggle_font_size=\u00bb20px\u00bb open=\u00bboff\u00bb]<span style=\"font-weight: 400;\">Apliqueu-ho al pit, esquena i peus.<br \/>\nNo utilitzar-lo en infants m\u00e9s petits de 6 mesos ni en casos d&#8217;asma i\/o problemes respiratoris.<\/span>[\/et_pb_accordion_item][et_pb_accordion_item title=\u00bbComposici\u00f3\u00bb open_toggle_text_color=\u00bb#443322&#8243; open_toggle_background_color=\u00bbrgba(221,204,170,0.24)\u00bb closed_toggle_text_color=\u00bb#443322&#8243; closed_toggle_background_color=\u00bbrgba(221,204,170,0.24)\u00bb icon_color=\u00bb#443322&#8243; use_icon_font_size=\u00bbon\u00bb icon_font_size=\u00bb20px\u00bb open_icon_color=\u00bb#443322&#8243; open_use_icon_font_size=\u00bbon\u00bb open_icon_font_size=\u00bb20px\u00bb _builder_version=\u00bb4.16&#8243; body_font=\u00bbRaleway||||||||\u00bb text_orientation=\u00bbleft\u00bb border_color_all=\u00bb#998877&#8243; global_colors_info=\u00bb{}\u00bb toggle_text_color=\u00bb#443322&#8243; toggle_font=\u00bbLora|700|on||||||\u00bb toggle_font_size=\u00bb20px\u00bb closed_toggle_font=\u00bbLora|700|||||||\u00bb closed_toggle_font_size=\u00bb20px\u00bb open=\u00bboff\u00bb]<span style=\"font-weight: 400;\">prunus amygdalus dulcis oil (oli d&#8217;ametlles dolces), aqua, cera alba (cera d&#8217;abelles), alcohol denat, lavandula spica flower extract** (extracte de lavanda), cinnamomum camphora formosana wood oil (a.e de ravintsara), rosmarinus officinalis flower extract** (extracte de roman\u00ed), eucalyptus radiata leaf\/stem oil*** (a.e de eucaliptus radiata), calendula officinalis flower extract** (extracte de cal\u00e8ndula), tocopherol (vit.E natural), lavandula angustifolia oil*** (a.e lavanda), abies sibirica needle oil (a.e pi silvestre), thymus vulgaris flower\/leaf oil*** (a.e farigola), rosmarinus officinalis leaf oil*** (a.e roman\u00ed), linalool*, limonene* , geraniol*, citral*.<\/span><span style=\"font-weight: 400;\"><br \/>\n<\/span><\/p>\n<p>*presents de manera natural en els olis essencials purs.<br \/>\n** de recol\u00b7lecci\u00f3\/elaboraci\u00f3 pr\u00f2pia.<br \/>\n*** de proced\u00e8ncia ecol\u00f2gica certificada.[\/et_pb_accordion_item][\/et_pb_accordion][\/et_pb_column][\/et_pb_row][et_pb_row _builder_version=\u00bb4.16&#8243; width=\u00bb100%\u00bb custom_margin=\u00bb40px|auto||auto||\u00bb global_colors_info=\u00bb{}\u00bb][et_pb_column type=\u00bb4_4&#8243; _builder_version=\u00bb4.16&#8243; global_colors_info=\u00bb{}\u00bb][et_pb_wc_related_products posts_number=\u00bb4&#8243; columns_number=\u00bb4&#8243; _builder_version=\u00bb4.0.6&#8243;][\/et_pb_wc_related_products][\/et_pb_column][\/et_pb_row][et_pb_row _builder_version=\u00bb4.16&#8243; width=\u00bb100%\u00bb custom_margin=\u00bb40px|auto||auto||\u00bb locked=\u00bboff\u00bb global_colors_info=\u00bb{}\u00bb collapsed=\u00bboff\u00bb][et_pb_column type=\u00bb4_4&#8243; _builder_version=\u00bb4.16&#8243; global_colors_info=\u00bb{}\u00bb][et_pb_wc_reviews _builder_version=\u00bb4.19.1&#8243; _module_preset=\u00bbdefault\u00bb global_colors_info=\u00bb{}\u00bb][\/et_pb_wc_reviews][\/et_pb_column][\/et_pb_row][\/et_pb_section]<\/p>\n","protected":false},"excerpt":{"rendered":"<p><b>\u201cEl producte que funciona millor amb un extra d&#8217;amor\u201d<\/b><\/p>\n<p><span style=\"font-weight: 400;\">Lavanda bio \u2013 Ravintsara \u2013 Eucaliptus bio<\/span><span style=\"font-weight: 400;\"><br \/>\n<\/span><span style=\"font-weight: 400;\">Amb extracte de Cal\u00e8ndula\u00a0 i olis essencials purs<\/span><span style=\"font-weight: 400;\"><br \/>\n<\/span><span style=\"font-weight: 400;\"><br \/>\n<\/span><span style=\"font-weight: 400;\">El b\u00e0lsam pectoral infantil que calma i relaxa els infants en processos amb mucositat i tos. Est\u00e0 elaborat amb un extra d&#8217;amor igual que el que es necessita per l&#8217;aplicaci\u00f3.<\/span><span style=\"font-weight: 400;\"><br \/>\n<\/span><span style=\"font-weight: 400;\"><br \/>\n<\/span><span style=\"font-weight: 400;\">B\u00e0lsam indicat a partir dels 6 mesos fins els 6 anys.<\/span><\/p>\n","protected":false},"featured_media":9037,"comment_status":"open","ping_status":"closed","template":"","meta":[],"product_brand":[],"product_cat":[185],"product_tag":[],"class_list":["post-4056","product","type-product","status-publish","has-post-thumbnail","product_cat-no-visibles-ca","first","instock","sale","shipping-taxable","purchasable","product-type-simple"],"_links":{"self":[{"href":"https:\/\/webnova.mandragoracosmetica.com\/ca\/wp-json\/wp\/v2\/product\/4056","targetHints":{"allow":["GET"]}}],"collection":[{"href":"https:\/\/webnova.mandragoracosmetica.com\/ca\/wp-json\/wp\/v2\/product"}],"about":[{"href":"https:\/\/webnova.mandragoracosmetica.com\/ca\/wp-json\/wp\/v2\/types\/product"}],"replies":[{"embeddable":true,"href":"https:\/\/webnova.mandragoracosmetica.com\/ca\/wp-json\/wp\/v2\/comments?post=4056"}],"wp:featuredmedia":[{"embeddable":true,"href":"https:\/\/webnova.mandragoracosmetica.com\/ca\/wp-json\/wp\/v2\/media\/9037"}],"wp:attachment":[{"href":"https:\/\/webnova.mandragoracosmetica.com\/ca\/wp-json\/wp\/v2\/media?parent=4056"}],"wp:term":[{"taxonomy":"product_brand","embeddable":true,"href":"https:\/\/webnova.mandragoracosmetica.com\/ca\/wp-json\/wp\/v2\/product_brand?post=4056"},{"taxonomy":"product_cat","embeddable":true,"href":"https:\/\/webnova.mandragoracosmetica.com\/ca\/wp-json\/wp\/v2\/product_cat?post=4056"},{"taxonomy":"product_tag","embeddable":true,"href":"https:\/\/webnova.mandragoracosmetica.com\/ca\/wp-json\/wp\/v2\/product_tag?post=4056"}],"curies":[{"name":"wp","href":"https:\/\/api.w.org\/{rel}","templated":true}]}}

Peque BalSaN &#8211; ungüent pectoral infantil 30 ml.

<p>[et_pb_section fb_built=»1&#8243; _builder_version=»4.16&#8243; custom_padding=»0px||||false|false» global_colors_info=»{}»][et_pb_row _builder_version=»4.16&#8243; background_size=»initial» background_position=»top_left» background_repeat=»repeat» width=»100%» custom_padding=»0px||0px||false|false» global_colors_info=»{}»][et_pb_column type=»4_4&#8243; _builder_version=»4.16&#8243; custom_padding=»|||» global_colors_info=»{}» custom_padding__hover=»|||»][et_pb_wc_breadcrumb _builder_version=»4.16&#8243; global_colors_info=»{}»][/et_pb_wc_breadcrumb][et_pb_wc_cart_notice _builder_version=»4.16&#8243; global_colors_info=»{}»][/et_pb_wc_cart_notice][/et_pb_column][/et_pb_row][et_pb_row column_structure=»1_2,1_2&#8243; _builder_version=»4.16&#8243; background_size=»initial» background_position=»top_left» background_repeat=»repeat» width=»100%» custom_padding=»0px||||false|false» global_colors_info=»{}»][et_pb_column type=»1_2&#8243; _builder_version=»4.16&#8243; custom_padding=»|||» global_colors_info=»{}» custom_padding__hover=»|||»][et_pb_wc_images _builder_version=»4.16&#8243; global_colors_info=»{}»][/et_pb_wc_images][/et_pb_column][et_pb_column type=»1_2&#8243; _builder_version=»4.16&#8243; custom_padding=»|||» global_colors_info=»{}» custom_padding__hover=»|||»][et_pb_wc_title _builder_version=»4.16&#8243; global_colors_info=»{}»][/et_pb_wc_title][et_pb_wc_rating _builder_version=»4.16&#8243; global_colors_info=»{}»][/et_pb_wc_rating][et_pb_wc_price _builder_version=»4.16&#8243; global_colors_info=»{}»][/et_pb_wc_price][et_pb_wc_description _builder_version=»4.16&#8243; global_colors_info=»{}»][/et_pb_wc_description][et_pb_wc_add_to_cart _builder_version=»4.16&#8243; global_colors_info=»{}»][/et_pb_wc_add_to_cart][et_pb_wc_meta _builder_version=»4.16&#8243; global_colors_info=»{}»][/et_pb_wc_meta][/et_pb_column][/et_pb_row][et_pb_row _builder_version=»4.16&#8243; width=»100%» max_width=»1111px» custom_padding=»||0px|||» global_colors_info=»{}»][et_pb_column type=»4_4&#8243; _builder_version=»4.16&#8243; global_colors_info=»{}»][et_pb_accordion _builder_version=»4.16&#8243; global_colors_info=»{}»][et_pb_accordion_item title=»Utilitats» open=»on» open_toggle_text_color=»#443322&#8243; open_toggle_background_color=»rgba(221,204,170,0.24)» closed_toggle_text_color=»#443322&#8243; closed_toggle_background_color=»rgba(221,204,170,0.24)» icon_color=»#443322&#8243; use_icon_font_size=»on» icon_font_size=»20px» open_icon_color=»#443322&#8243; open_use_icon_font_size=»on» open_icon_font_size=»20px» _builder_version=»4.16&#8243; body_font=»Raleway||||||||» text_orientation=»left» border_color_all=»#998877&#8243; global_colors_info=»{}» toggle_text_color=»#443322&#8243; toggle_font=»Lora|700|on||||||» toggle_font_size=»20px» closed_toggle_font=»Lora|700|||||||» closed_toggle_font_size=»20px»]<span style="font-weight: 400;">&#8211; mucositats, tos, refredats</span><span style="font-weight: 400;"><br />
</span><span style="font-weight: 400;">&#8211; congestió respiratòria</span><span style="font-weight: 400;"><br />
</span><span style="font-weight: 400;">&#8211; Aplicar-lo al pit, a l&#8217;esquena i als peus, fent un suau massatge i un extra d&#8217;amor i d&#8217;atencions, tot dedicant-t&#8217;hi l&#8217;estona necessària en aquest moment de tranquil·litat.</span>[/et_pb_accordion_item][et_pb_accordion_item title=»Destaca per» open_toggle_text_color=»#443322&#8243; open_toggle_background_color=»rgba(221,204,170,0.24)» closed_toggle_text_color=»#443322&#8243; closed_toggle_background_color=»rgba(221,204,170,0.24)» icon_color=»#443322&#8243; use_icon_font_size=»on» icon_font_size=»20px» open_icon_color=»#443322&#8243; open_use_icon_font_size=»on» open_icon_font_size=»20px» _builder_version=»4.16&#8243; body_font=»Raleway||||||||» text_orientation=»left» border_color_all=»#998877&#8243; global_colors_info=»{}» toggle_text_color=»#443322&#8243; toggle_font=»Lora|700|on||||||» toggle_font_size=»20px» closed_toggle_font=»Lora|700|||||||» closed_toggle_font_size=»20px» open=»off»]<span style="font-weight: 400;">• És un bàlsam d&#8217;extractes i olis essencials de plantes suaus, adequades pels infants a partir dels sis mesos.</span><span style="font-weight: 400;"><br />
</span><span style="font-weight: 400;">• Propietats expectorants, antitussígenes, calmants i relaxants.  </span><span style="font-weight: 400;"><br />
</span><span style="font-weight: 400;">• Calma les molèsties, tranquil·litza i relaxa i afavoreix la curació.</span><span style="font-weight: 400;"><br />
</span><span style="font-weight: 400;">• Conté olis i extractes de lavanda i calèndula elaborades artesanalment per obtenir-ne totes les propietats relaxants i calmants, alhora que cuida la pell més sensible.</span><span style="font-weight: 400;"><br />
</span><span style="font-weight: 400;">• Els olis essencials de ravintsara, pi, eucaliptus, radiata i lavanda aporten l&#8217;efecte expectorant, antitussigen i en potencien l&#8217;efecte calmant i relaxant.</span><span style="font-weight: 400;"><br />
</span></p>
<p><span style="font-weight: 400;">Envàs de vidre fosc que preserva molt temps les propietats del producte.</span>[/et_pb_accordion_item][et_pb_accordion_item title=»Precaucions i aplicació» open_toggle_text_color=»#443322&#8243; open_toggle_background_color=»rgba(221,204,170,0.24)» closed_toggle_text_color=»#443322&#8243; closed_toggle_background_color=»rgba(221,204,170,0.24)» icon_color=»#443322&#8243; use_icon_font_size=»on» icon_font_size=»20px» open_icon_color=»#443322&#8243; open_use_icon_font_size=»on» open_icon_font_size=»20px» _builder_version=»4.16&#8243; body_font=»Raleway||||||||» text_orientation=»left» border_color_all=»#998877&#8243; global_colors_info=»{}» toggle_text_color=»#443322&#8243; toggle_font=»Lora|700|on||||||» toggle_font_size=»20px» closed_toggle_font=»Lora|700|||||||» closed_toggle_font_size=»20px» open=»off»]<span style="font-weight: 400;">Apliqueu-ho al pit, esquena i peus.<br />
No utilitzar-lo en infants més petits de 6 mesos ni en casos d&#8217;asma i/o problemes respiratoris.</span>[/et_pb_accordion_item][et_pb_accordion_item title=»Composició» open_toggle_text_color=»#443322&#8243; open_toggle_background_color=»rgba(221,204,170,0.24)» closed_toggle_text_color=»#443322&#8243; closed_toggle_background_color=»rgba(221,204,170,0.24)» icon_color=»#443322&#8243; use_icon_font_size=»on» icon_font_size=»20px» open_icon_color=»#443322&#8243; open_use_icon_font_size=»on» open_icon_font_size=»20px» _builder_version=»4.16&#8243; body_font=»Raleway||||||||» text_orientation=»left» border_color_all=»#998877&#8243; global_colors_info=»{}» toggle_text_color=»#443322&#8243; toggle_font=»Lora|700|on||||||» toggle_font_size=»20px» closed_toggle_font=»Lora|700|||||||» closed_toggle_font_size=»20px» open=»off»]<span style="font-weight: 400;">prunus amygdalus dulcis oil (oli d&#8217;ametlles dolces), aqua, cera alba (cera d&#8217;abelles), alcohol denat, lavandula spica flower extract** (extracte de lavanda), cinnamomum camphora formosana wood oil (a.e de ravintsara), rosmarinus officinalis flower extract** (extracte de romaní), eucalyptus radiata leaf/stem oil*** (a.e de eucaliptus radiata), calendula officinalis flower extract** (extracte de calèndula), tocopherol (vit.E natural), lavandula angustifolia oil*** (a.e lavanda), abies sibirica needle oil (a.e pi silvestre), thymus vulgaris flower/leaf oil*** (a.e farigola), rosmarinus officinalis leaf oil*** (a.e romaní), linalool*, limonene* , geraniol*, citral*.</span><span style="font-weight: 400;"><br />
</span></p>
<p>*presents de manera natural en els olis essencials purs.<br />
** de recol·lecció/elaboració pròpia.<br />
*** de procedència ecològica certificada.[/et_pb_accordion_item][/et_pb_accordion][/et_pb_column][/et_pb_row][et_pb_row _builder_version=»4.16&#8243; width=»100%» custom_margin=»40px|auto||auto||» global_colors_info=»{}»][et_pb_column type=»4_4&#8243; _builder_version=»4.16&#8243; global_colors_info=»{}»][et_pb_wc_related_products posts_number=»4&#8243; columns_number=»4&#8243; _builder_version=»4.0.6&#8243;][/et_pb_wc_related_products][/et_pb_column][/et_pb_row][et_pb_row _builder_version=»4.16&#8243; width=»100%» custom_margin=»40px|auto||auto||» locked=»off» global_colors_info=»{}» collapsed=»off»][et_pb_column type=»4_4&#8243; _builder_version=»4.16&#8243; global_colors_info=»{}»][et_pb_wc_reviews _builder_version=»4.19.1&#8243; _module_preset=»default» global_colors_info=»{}»][/et_pb_wc_reviews][/et_pb_column][/et_pb_row][/et_pb_section]</p>

<p><b>“El producte que funciona millor amb un extra d&#8217;amor”</b></p>
<p><span style="font-weight: 400;">Lavanda bio – Ravintsara – Eucaliptus bio</span><span style="font-weight: 400;"><br />
</span><span style="font-weight: 400;">Amb extracte de Calèndula  i olis essencials purs</span><span style="font-weight: 400;"><br />
</span><span style="font-weight: 400;"><br />
</span><span style="font-weight: 400;">El bàlsam pectoral infantil que calma i relaxa els infants en processos amb mucositat i tos. Està elaborat amb un extra d&#8217;amor igual que el que es necessita per l&#8217;aplicació.</span><span style="font-weight: 400;"><br />
</span><span style="font-weight: 400;"><br />
</span><span style="font-weight: 400;">Bàlsam indicat a partir dels 6 mesos fins els 6 anys.</span></p>
