{"id":4046,"date":"2019-11-21T23:44:50","date_gmt":"2019-11-21T22:44:50","guid":{"rendered":"https:\/\/mandragoracosmetica.com\/producto\/pack-calma\/"},"modified":"2019-11-21T23:44:50","modified_gmt":"2019-11-21T22:44:50","slug":"pack-calma-2-2","status":"publish","type":"product","link":"https:\/\/webnova.mandragoracosmetica.com\/ca\/producto\/pack-calma-2-2\/","title":{"rendered":"Pack Calma &#8211; RITUAL RELAXANT"},"content":{"rendered":"<p>[et_pb_section fb_built=\u00bb1&#8243; _builder_version=\u00bb4.16&#8243; custom_padding=\u00bb0px||||false|false\u00bb global_colors_info=\u00bb{}\u00bb][et_pb_row _builder_version=\u00bb4.16&#8243; background_size=\u00bbinitial\u00bb background_position=\u00bbtop_left\u00bb background_repeat=\u00bbrepeat\u00bb width=\u00bb100%\u00bb custom_padding=\u00bb0px||0px||false|false\u00bb global_colors_info=\u00bb{}\u00bb][et_pb_column type=\u00bb4_4&#8243; _builder_version=\u00bb4.16&#8243; custom_padding=\u00bb|||\u00bb global_colors_info=\u00bb{}\u00bb custom_padding__hover=\u00bb|||\u00bb][et_pb_wc_breadcrumb _builder_version=\u00bb4.16&#8243; global_colors_info=\u00bb{}\u00bb][\/et_pb_wc_breadcrumb][et_pb_wc_cart_notice _builder_version=\u00bb4.16&#8243; global_colors_info=\u00bb{}\u00bb][\/et_pb_wc_cart_notice][\/et_pb_column][\/et_pb_row][et_pb_row column_structure=\u00bb1_2,1_2&#8243; _builder_version=\u00bb4.16&#8243; background_size=\u00bbinitial\u00bb background_position=\u00bbtop_left\u00bb background_repeat=\u00bbrepeat\u00bb width=\u00bb100%\u00bb custom_padding=\u00bb0px||||false|false\u00bb global_colors_info=\u00bb{}\u00bb][et_pb_column type=\u00bb1_2&#8243; _builder_version=\u00bb4.16&#8243; custom_padding=\u00bb|||\u00bb global_colors_info=\u00bb{}\u00bb custom_padding__hover=\u00bb|||\u00bb][et_pb_wc_images _builder_version=\u00bb4.16&#8243; global_colors_info=\u00bb{}\u00bb][\/et_pb_wc_images][\/et_pb_column][et_pb_column type=\u00bb1_2&#8243; _builder_version=\u00bb4.16&#8243; custom_padding=\u00bb|||\u00bb global_colors_info=\u00bb{}\u00bb custom_padding__hover=\u00bb|||\u00bb][et_pb_wc_title _builder_version=\u00bb4.16&#8243; global_colors_info=\u00bb{}\u00bb][\/et_pb_wc_title][et_pb_wc_rating _builder_version=\u00bb4.16&#8243; global_colors_info=\u00bb{}\u00bb][\/et_pb_wc_rating][et_pb_wc_price _builder_version=\u00bb4.16&#8243; global_colors_info=\u00bb{}\u00bb][\/et_pb_wc_price][et_pb_wc_description _builder_version=\u00bb4.16&#8243; global_colors_info=\u00bb{}\u00bb][\/et_pb_wc_description][et_pb_wc_add_to_cart _builder_version=\u00bb4.16&#8243; global_colors_info=\u00bb{}\u00bb][\/et_pb_wc_add_to_cart][et_pb_wc_meta _builder_version=\u00bb4.16&#8243; global_colors_info=\u00bb{}\u00bb][\/et_pb_wc_meta][\/et_pb_column][\/et_pb_row][et_pb_row _builder_version=\u00bb4.16&#8243; width=\u00bb100%\u00bb custom_margin=\u00bb40px|auto||auto||\u00bb global_colors_info=\u00bb{}\u00bb][et_pb_column type=\u00bb4_4&#8243; _builder_version=\u00bb4.16&#8243; global_colors_info=\u00bb{}\u00bb][et_pb_wc_related_products posts_number=\u00bb4&#8243; columns_number=\u00bb4&#8243; _builder_version=\u00bb4.16&#8243; global_colors_info=\u00bb{}\u00bb][\/et_pb_wc_related_products][\/et_pb_column][\/et_pb_row][et_pb_row _builder_version=\u00bb4.16&#8243; width=\u00bb100%\u00bb custom_margin=\u00bb40px|auto||auto||\u00bb locked=\u00bboff\u00bb collapsed=\u00bboff\u00bb global_colors_info=\u00bb{}\u00bb][et_pb_column type=\u00bb4_4&#8243; _builder_version=\u00bb4.16&#8243; global_colors_info=\u00bb{}\u00bb][et_pb_wc_reviews _builder_version=\u00bb4.19.1&#8243; _module_preset=\u00bbdefault\u00bb global_colors_info=\u00bb{}\u00bb][\/et_pb_wc_reviews][\/et_pb_column][\/et_pb_row][\/et_pb_section]<\/p>\n","protected":false},"excerpt":{"rendered":"<p>Amb aquesta selecci\u00f3 de productes naturals podem cuidar-nos f\u00edsicament i mentalment amb petits rituals saludables diaris que ens proporcionaran calma i benestar.<\/p>\n<p>Inclou el sab\u00f3 Mimo, per cos i mans, \u00e9s suau i hidratant, d&#8217;escuma abundant i aroma floral a lavanda que t&#8217;aporta calma i relaxaci\u00f3. Imprescindible per la neteja natural di\u00e0ria.<\/p>\n<p>I l&#8217;oli corporal Relaxsan, un oli vers\u00e0til que ens serveix tant d&#8217;oli nutritiu i hidratant per les pells m\u00e9s seques i sensibles com d&#8217;oli de massatge relaxant o com a tractament d&#8217;aromater\u00e0pia en moments d&#8217;estr\u00e8s, per propiciar el descans&#8230;<\/p>\n<p>\u00c9s l&#8217;oli de la calma per excel\u00b7l\u00e8ncia. Un tresor ple de principis actius que nodreix profundament, estimula la circulaci\u00f3, regenera la pell aportant antioxidants, protecci\u00f3 i ens allibera de preocupacions i tensions.<\/p>\n<p>Unes gotes als canells, les temples i a sota del nas per sentir calma. Fes massatge suaument als peus i a tot el cos per aconseguir un descans profund. Diferents rituals per fer una pausa de l&#8217;estr\u00e8s i les presses di\u00e0ries.<\/p>\n<p>Aquest pack va embolicat amb les nostres capsetes especials pack regal decorades amb flors, aroma i una postal explicativa del pack amb tota aquesta informaci\u00f3 perqu\u00e8 qui ho rebi pugui captar l&#8217;especial que \u00e9s el teu regal.<\/p>\n","protected":false},"featured_media":9011,"comment_status":"open","ping_status":"closed","template":"","meta":[],"product_brand":[],"product_cat":[190],"product_tag":[],"class_list":["post-4046","product","type-product","status-publish","has-post-thumbnail","product_cat-packs-ca","first","instock","shipping-taxable","purchasable","product-type-simple"],"_links":{"self":[{"href":"https:\/\/webnova.mandragoracosmetica.com\/ca\/wp-json\/wp\/v2\/product\/4046","targetHints":{"allow":["GET"]}}],"collection":[{"href":"https:\/\/webnova.mandragoracosmetica.com\/ca\/wp-json\/wp\/v2\/product"}],"about":[{"href":"https:\/\/webnova.mandragoracosmetica.com\/ca\/wp-json\/wp\/v2\/types\/product"}],"replies":[{"embeddable":true,"href":"https:\/\/webnova.mandragoracosmetica.com\/ca\/wp-json\/wp\/v2\/comments?post=4046"}],"wp:featuredmedia":[{"embeddable":true,"href":"https:\/\/webnova.mandragoracosmetica.com\/ca\/wp-json\/wp\/v2\/media\/9011"}],"wp:attachment":[{"href":"https:\/\/webnova.mandragoracosmetica.com\/ca\/wp-json\/wp\/v2\/media?parent=4046"}],"wp:term":[{"taxonomy":"product_brand","embeddable":true,"href":"https:\/\/webnova.mandragoracosmetica.com\/ca\/wp-json\/wp\/v2\/product_brand?post=4046"},{"taxonomy":"product_cat","embeddable":true,"href":"https:\/\/webnova.mandragoracosmetica.com\/ca\/wp-json\/wp\/v2\/product_cat?post=4046"},{"taxonomy":"product_tag","embeddable":true,"href":"https:\/\/webnova.mandragoracosmetica.com\/ca\/wp-json\/wp\/v2\/product_tag?post=4046"}],"curies":[{"name":"wp","href":"https:\/\/api.w.org\/{rel}","templated":true}]}}

<p>Amb aquesta selecció de productes naturals podem cuidar-nos físicament i mentalment amb petits rituals saludables diaris que ens proporcionaran calma i benestar.</p>
<p>Inclou el sabó Mimo, per cos i mans, és suau i hidratant, d&#8217;escuma abundant i aroma floral a lavanda que t&#8217;aporta calma i relaxació. Imprescindible per la neteja natural diària.</p>
<p>I l&#8217;oli corporal Relaxsan, un oli versàtil que ens serveix tant d&#8217;oli nutritiu i hidratant per les pells més seques i sensibles com d&#8217;oli de massatge relaxant o com a tractament d&#8217;aromateràpia en moments d&#8217;estrès, per propiciar el descans&#8230;</p>
<p>És l&#8217;oli de la calma per excel·lència. Un tresor ple de principis actius que nodreix profundament, estimula la circulació, regenera la pell aportant antioxidants, protecció i ens allibera de preocupacions i tensions.</p>
<p>Unes gotes als canells, les temples i a sota del nas per sentir calma. Fes massatge suaument als peus i a tot el cos per aconseguir un descans profund. Diferents rituals per fer una pausa de l&#8217;estrès i les presses diàries.</p>
<p>Aquest pack va embolicat amb les nostres capsetes especials pack regal decorades amb flors, aroma i una postal explicativa del pack amb tota aquesta informació perquè qui ho rebi pugui captar l&#8217;especial que és el teu regal.</p>
